Last updated on 2025-10-26 18:50:05 CET.
| Flavor | Version | Tinstall | Tcheck | Ttotal | Status | Flags |
|---|---|---|---|---|---|---|
| r-devel-linux-x86_64-debian-clang | 0.1.2 | 32.90 | 194.57 | 227.47 | NOTE | |
| r-devel-linux-x86_64-debian-gcc | 0.1.2 | 23.91 | 137.15 | 161.06 | NOTE | |
| r-devel-linux-x86_64-fedora-clang | 0.1.2 | 162.00 | 204.25 | 366.25 | OK | |
| r-devel-linux-x86_64-fedora-gcc | 0.1.2 | 66.00 | 273.88 | 339.88 | OK | |
| r-devel-windows-x86_64 | 0.1.2 | 28.00 | 166.00 | 194.00 | OK | |
| r-patched-linux-x86_64 | 0.1.2 | 31.91 | 186.48 | 218.39 | OK | |
| r-release-linux-x86_64 | 0.1.2 | 31.39 | 187.79 | 219.18 | OK | |
| r-release-macos-arm64 | 0.1.2 | 9.00 | 67.00 | 76.00 | OK | |
| r-release-macos-x86_64 | 0.1.2 | 17.00 | 173.00 | 190.00 | OK | |
| r-release-windows-x86_64 | 0.1.2 | 26.00 | 168.00 | 194.00 | OK | |
| r-oldrel-macos-arm64 | 0.1.2 | 10.00 | 72.00 | 82.00 | NOTE | |
| r-oldrel-macos-x86_64 | 0.1.2 | 14.00 | 104.00 | 118.00 | NOTE | |
| r-oldrel-windows-x86_64 | 0.1.2 | 35.00 | 226.00 | 261.00 | NOTE |
Version: 0.1.2
Check: CRAN incoming feasibility
Result: NOTE
Maintainer: ‘Joshua Ray Tanzer <jtanzer@lifespan.org>’
No Authors@R field in DESCRIPTION.
Please add one, modifying
Authors@R: person(given = c("Joshua", "Ray"),
family = "Tanzer",
role = c("aut", "cre"),
email = "jtanzer@lifespan.org")
as necessary.
Flavors: r-devel-linux-x86_64-debian-clang, r-devel-linux-x86_64-debian-gcc
Version: 0.1.2
Check: LazyData
Result: NOTE
'LazyData' is specified without a 'data' directory
Flavors: r-oldrel-macos-arm64, r-oldrel-macos-x86_64, r-oldrel-windows-x86_64