CRAN Package Check Results for Package brandwatchR

Last updated on 2025-10-26 18:50:05 CET.

Flavor Version Tinstall Tcheck Ttotal Status Flags
r-devel-linux-x86_64-debian-clang 0.3.0 2.24 25.33 27.57 OK
r-devel-linux-x86_64-debian-gcc 0.3.0 2.01 20.15 22.16 OK
r-devel-linux-x86_64-fedora-clang 0.3.0 42.50 OK
r-devel-linux-x86_64-fedora-gcc 0.3.0 38.85 OK
r-devel-windows-x86_64 0.3.0 4.00 47.00 51.00 OK
r-patched-linux-x86_64 0.3.0 2.20 24.12 26.32 OK
r-release-linux-x86_64 0.3.0 1.80 24.26 26.06 OK
r-release-macos-arm64 0.3.0 2.00 19.00 21.00 OK
r-release-macos-x86_64 0.3.0 4.00 28.00 32.00 OK
r-release-windows-x86_64 0.3.0 5.00 49.00 54.00 OK
r-oldrel-macos-arm64 0.3.0 1.00 17.00 18.00 NOTE
r-oldrel-macos-x86_64 0.3.0 3.00 34.00 37.00 NOTE
r-oldrel-windows-x86_64 0.3.0 6.00 53.00 59.00 NOTE

Check Details

Version: 0.3.0
Check: LazyData
Result: NOTE 'LazyData' is specified without a 'data' directory Flavors: r-oldrel-macos-arm64, r-oldrel-macos-x86_64, r-oldrel-windows-x86_64