Last updated on 2025-07-18 08:50:51 CEST.
Flavor | Version | Tinstall | Tcheck | Ttotal | Status | Flags |
---|---|---|---|---|---|---|
r-devel-linux-x86_64-debian-clang | 2.1.1 | 6.26 | 127.80 | 134.06 | OK | |
r-devel-linux-x86_64-debian-gcc | 2.1.1 | 4.42 | 82.52 | 86.94 | OK | |
r-devel-linux-x86_64-fedora-clang | 2.1.1 | 203.53 | OK | |||
r-devel-linux-x86_64-fedora-gcc | 2.1.1 | 218.49 | OK | |||
r-devel-windows-x86_64 | 2.1.1 | 7.00 | 151.00 | 158.00 | OK | |
r-patched-linux-x86_64 | 2.1.1 | 7.19 | 122.15 | 129.34 | OK | |
r-release-linux-x86_64 | 2.1.1 | 5.84 | 123.85 | 129.69 | OK | |
r-release-macos-arm64 | 2.1.1 | 115.00 | OK | |||
r-release-macos-x86_64 | 2.1.1 | 196.00 | OK | |||
r-release-windows-x86_64 | 2.1.1 | 8.00 | 0.00 | 8.00 | FAIL | |
r-oldrel-macos-arm64 | 2.1.1 | 63.00 | OK | |||
r-oldrel-macos-x86_64 | 2.1.1 | 189.00 | OK | |||
r-oldrel-windows-x86_64 | 2.1.1 | 8.00 | 214.00 | 222.00 | OK |
Version: 2.1.1
Check: PDF version of manual
Result: FAIL
Check process probably crashed or hung up for 20 minutes ... killed
Most likely this happened in the example checks (?),
if not, ignore the following last lines of example output:
> cleanEx()
> nameEx("yaff_font")
> ### * yaff_font
>
> flush(stderr()); flush(stdout())
>
> ### Name: read_yaff
> ### Title: Read and write yaff bitmap font files
> ### Aliases: read_yaff write_yaff
>
> ### ** Examples
>
>
>
>
> ### * <FOOTER>
> ###
> cleanEx()
> options(digits = 7L)
> base::cat("Time elapsed: ", proc.time() - base::get("ptime", pos = 'CheckExEnv'),"\n")
Time elapsed: 18.5 1.53 19.22 NA NA
> grDevices::dev.off()
null device
1
> ###
> ### Local variables: ***
> ### mode: outline-minor ***
> ### outline-regexp: "\\(> \\)?### [*]+" ***
> ### End: ***
> quit('no')
======== End of example output (where/before crash/hang up occured ?) ========
Flavor: r-release-windows-x86_64