Last updated on 2025-10-27 19:52:55 CET.
| Flavor | Version | Tinstall | Tcheck | Ttotal | Status | Flags |
|---|---|---|---|---|---|---|
| r-devel-linux-x86_64-debian-clang | 1.0.0 | 2.04 | 23.11 | 25.15 | OK | |
| r-devel-linux-x86_64-debian-gcc | 1.0.0 | 1.51 | 18.52 | 20.03 | OK | |
| r-devel-linux-x86_64-fedora-clang | 1.0.0 | 40.05 | OK | |||
| r-devel-linux-x86_64-fedora-gcc | 1.0.0 | 35.81 | OK | |||
| r-devel-windows-x86_64 | 1.0.0 | 4.00 | 42.00 | 46.00 | OK | |
| r-patched-linux-x86_64 | 1.0.0 | 2.17 | 22.10 | 24.27 | OK | |
| r-release-linux-x86_64 | 1.0.0 | 2.04 | 21.99 | 24.03 | OK | |
| r-release-macos-arm64 | 1.0.0 | 1.00 | 15.00 | 16.00 | OK | |
| r-release-macos-x86_64 | 1.0.0 | 3.00 | 34.00 | 37.00 | OK | |
| r-release-windows-x86_64 | 1.0.0 | 3.00 | 44.00 | 47.00 | OK | |
| r-oldrel-macos-arm64 | 1.0.0 | 1.00 | 18.00 | 19.00 | NOTE | |
| r-oldrel-macos-x86_64 | 1.0.0 | 2.00 | 21.00 | 23.00 | NOTE | |
| r-oldrel-windows-x86_64 | 1.0.0 | 3.00 | 45.00 | 48.00 | NOTE |
Version: 1.0.0
Check: LazyData
Result: NOTE
'LazyData' is specified without a 'data' directory
Flavors: r-oldrel-macos-arm64, r-oldrel-macos-x86_64, r-oldrel-windows-x86_64