Last updated on 2025-10-27 07:49:54 CET.
| Flavor | Version | Tinstall | Tcheck | Ttotal | Status | Flags |
|---|---|---|---|---|---|---|
| r-devel-linux-x86_64-debian-clang | 2.0.2 | 77.11 | 34.28 | 111.39 | NOTE | |
| r-devel-linux-x86_64-debian-gcc | 2.0.2 | 49.54 | 27.17 | 76.71 | NOTE | |
| r-devel-linux-x86_64-fedora-clang | 2.0.2 | 315.00 | -78.31 | 236.69 | OK | |
| r-devel-linux-x86_64-fedora-gcc | 2.0.2 | 161.00 | 44.43 | 205.43 | OK | |
| r-devel-windows-x86_64 | 2.0.2 | 96.00 | 75.00 | 171.00 | OK | |
| r-patched-linux-x86_64 | 2.0.2 | 80.35 | 32.69 | 113.04 | OK | |
| r-release-linux-x86_64 | 2.0.2 | 78.35 | 32.79 | 111.14 | OK | |
| r-release-macos-arm64 | 2.0.2 | 31.00 | 35.00 | 66.00 | OK | |
| r-release-macos-x86_64 | 2.0.2 | 25.00 | 45.00 | 70.00 | OK | |
| r-release-windows-x86_64 | 2.0.2 | 99.00 | 73.00 | 172.00 | OK | |
| r-oldrel-macos-arm64 | 2.0.2 | 15.00 | 20.00 | 35.00 | NOTE | |
| r-oldrel-macos-x86_64 | 2.0.2 | 12.00 | 33.00 | 45.00 | NOTE | |
| r-oldrel-windows-x86_64 | 2.0.2 | 112.00 | 87.00 | 199.00 | NOTE |
Version: 2.0.2
Check: CRAN incoming feasibility
Result: NOTE
Maintainer: ‘Jared S. Murray <jared.murray@mccombs.utexas.edu>’
The Description field contains
<arXiv:1309.1906>.
Please refer to arXiv e-prints via their arXiv DOI <doi:10.48550/arXiv.YYMM.NNNNN>.
Flavors: r-devel-linux-x86_64-debian-clang, r-devel-linux-x86_64-debian-gcc
Version: 2.0.2
Check: installed package size
Result: NOTE
installed size is 7.5Mb
sub-directories of 1Mb or more:
libs 6.4Mb
Flavors: r-oldrel-macos-arm64, r-oldrel-macos-x86_64
Version: 2.0.2
Check: for GNU extensions in Makefiles
Result: NOTE
GNU make is a SystemRequirements.
Flavors: r-oldrel-macos-arm64, r-oldrel-macos-x86_64, r-oldrel-windows-x86_64