Last updated on 2025-10-26 18:50:04 CET.
| Flavor | Version | Tinstall | Tcheck | Ttotal | Status | Flags |
|---|---|---|---|---|---|---|
| r-devel-linux-x86_64-debian-clang | 0.1.3 | 128.07 | 26.93 | 155.00 | WARN | |
| r-devel-linux-x86_64-debian-gcc | 0.1.3 | 76.79 | 21.84 | 98.63 | WARN | |
| r-devel-linux-x86_64-fedora-clang | 0.1.3 | 454.00 | -126.62 | 327.38 | NOTE | |
| r-devel-linux-x86_64-fedora-gcc | 0.1.3 | 213.00 | 49.03 | 262.03 | NOTE | |
| r-devel-windows-x86_64 | 0.1.3 | 149.00 | 61.00 | 210.00 | NOTE | |
| r-patched-linux-x86_64 | 0.1.3 | 122.31 | 25.64 | 147.95 | NOTE | |
| r-release-linux-x86_64 | 0.1.3 | 124.50 | 25.32 | 149.82 | NOTE | |
| r-release-macos-arm64 | 0.1.3 | 46.00 | 18.00 | 64.00 | NOTE | |
| r-release-macos-x86_64 | 0.1.3 | 42.00 | 27.00 | 69.00 | NOTE | |
| r-release-windows-x86_64 | 0.1.3 | 151.00 | 67.00 | 218.00 | NOTE | |
| r-oldrel-macos-arm64 | 0.1.3 | 35.00 | 20.00 | 55.00 | NOTE | |
| r-oldrel-macos-x86_64 | 0.1.3 | 36.00 | 23.00 | 59.00 | NOTE | |
| r-oldrel-windows-x86_64 | 0.1.3 | 179.00 | 77.00 | 256.00 | NOTE |
Version: 0.1.3
Check: whether package can be installed
Result: WARN
Found the following significant warnings:
/home/hornik/tmp/R.check/r-devel-clang/Work/build/Packages/RcppArmadillo/include/RcppArmadillo/version/arma.h:66:17: warning: Using fallback compilation with Armadillo 14.6.3. Please consider defining -DARMA_USE_CURRENT and also removing C++11 compilation directive. See GitHub issue #475 for more. [-W#pragma-messages]
See ‘/home/hornik/tmp/R.check/r-devel-clang/Work/PKGS/bayescopulareg.Rcheck/00install.out’ for details.
* used C++ compiler: ‘Debian clang version 19.1.7 (7)’
Flavor: r-devel-linux-x86_64-debian-clang
Version: 0.1.3
Check: C++ specification
Result: NOTE
Specified C++11: please drop specification unless essential
Flavors: r-devel-linux-x86_64-debian-clang, r-devel-linux-x86_64-debian-gcc, r-devel-linux-x86_64-fedora-clang, r-devel-linux-x86_64-fedora-gcc, r-devel-windows-x86_64, r-patched-linux-x86_64, r-release-linux-x86_64, r-release-macos-arm64, r-release-macos-x86_64, r-release-windows-x86_64, r-oldrel-macos-arm64, r-oldrel-macos-x86_64, r-oldrel-windows-x86_64
Version: 0.1.3
Check: whether package can be installed
Result: WARN
Found the following significant warnings:
/home/hornik/tmp/R.check/r-devel-gcc/Work/build/Packages/RcppArmadillo/include/RcppArmadillo/version/arma.h:66:199: note: ‘#pragma message: Using fallback compilation with Armadillo 14.6.3. Please consider defining -DARMA_USE_CURRENT and also removing C++11 compilation directive. See GitHub issue #475 for more.’
See ‘/home/hornik/tmp/R.check/r-devel-gcc/Work/PKGS/bayescopulareg.Rcheck/00install.out’ for details.
* used C++ compiler: ‘g++-15 (Debian 15.2.0-4) 15.2.0’
Flavor: r-devel-linux-x86_64-debian-gcc
Version: 0.1.3
Check: installed package size
Result: NOTE
installed size is 6.2Mb
sub-directories of 1Mb or more:
libs 6.1Mb
Flavors: r-oldrel-macos-arm64, r-oldrel-macos-x86_64