CRAN Package Check Results for Package aroma.core

Last updated on 2025-07-18 08:50:49 CEST.

Flavor Version Tinstall Tcheck Ttotal Status Flags
r-devel-linux-x86_64-debian-clang 3.3.1 25.79 167.98 193.77 NOTE
r-devel-linux-x86_64-debian-gcc 3.3.1 16.86 110.83 127.69 NOTE
r-devel-linux-x86_64-fedora-clang 3.3.1 302.10 OK
r-devel-linux-x86_64-fedora-gcc 3.3.1 291.25 OK
r-devel-windows-x86_64 3.3.1 28.00 184.00 212.00 NOTE
r-patched-linux-x86_64 3.3.1 31.74 156.68 188.42 NOTE
r-release-linux-x86_64 3.3.1 25.80 161.02 186.82 NOTE
r-release-macos-arm64 3.3.1 117.00 OK
r-release-macos-x86_64 3.3.1 165.00 OK
r-release-windows-x86_64 3.3.1 29.00 183.00 212.00 NOTE
r-oldrel-macos-arm64 3.3.1 72.00 NOTE
r-oldrel-macos-x86_64 3.3.1 119.00 NOTE
r-oldrel-windows-x86_64 3.3.1 39.00 229.00 268.00 NOTE

Check Details

Version: 3.3.1
Check: Rd cross-references
Result: NOTE Found the following Rd file(s) with Rd \link{} targets missing package anchors: writeDataFrame.AromaUnitSignalBinaryFile.Rd: TabularTextFile writeDataFrame.AromaUnitSignalBinarySet.Rd: TabularTextFileSet writeDataFrame.AromaUnitTabularBinaryFile.Rd: TabularTextFile Please provide package anchors for all Rd \link{} targets not in the package itself and the base packages. Flavors: r-devel-linux-x86_64-debian-clang, r-devel-linux-x86_64-debian-gcc, r-devel-windows-x86_64, r-patched-linux-x86_64, r-release-linux-x86_64, r-release-windows-x86_64

Version: 3.3.1
Check: package dependencies
Result: NOTE Packages suggested but not available for checking: 'sfit', 'expectile', 'HaarSeg', 'mpcbs' Flavors: r-oldrel-macos-arm64, r-oldrel-macos-x86_64, r-oldrel-windows-x86_64