CRAN Package Check Results for Package algorithmia

Last updated on 2025-11-20 07:49:38 CET.

Flavor Version Tinstall Tcheck Ttotal Status Flags
r-devel-linux-x86_64-debian-clang 0.3.0 3.53 26.90 30.43 NOTE
r-devel-linux-x86_64-debian-gcc 0.3.0 2.43 21.83 24.26 NOTE
r-devel-linux-x86_64-fedora-clang 0.3.0 46.17 OK
r-devel-linux-x86_64-fedora-gcc 0.3.0 57.31 OK
r-devel-windows-x86_64 0.3.0 9.00 44.00 53.00 OK
r-patched-linux-x86_64 0.3.0 3.88 24.87 28.75 OK
r-release-linux-x86_64 0.3.0 3.47 24.80 28.27 OK
r-release-macos-arm64 0.3.0 OK
r-release-macos-x86_64 0.3.0 3.00 43.00 46.00 OK
r-release-windows-x86_64 0.3.0 5.00 46.00 51.00 OK
r-oldrel-macos-arm64 0.3.0 NOTE
r-oldrel-macos-x86_64 0.3.0 2.00 30.00 32.00 NOTE
r-oldrel-windows-x86_64 0.3.0 6.00 52.00 58.00 NOTE

Check Details

Version: 0.3.0
Check: CRAN incoming feasibility
Result: NOTE Maintainer: ‘Robert Fulton <rfulton@algorithmia.com>’ No Authors@R field in DESCRIPTION. Please add one, modifying Authors@R: c(person(given = "James", family = "Sutton", role = "aut"), person(given = "James", family = "Athappilly", role = "aut"), person(given = "Taylor", family = "Raack", role = "aut"), person(given = "Robert", family = "Fulton", role = "cre", email = "rfulton@algorithmia.com")) as necessary. Flavors: r-devel-linux-x86_64-debian-clang, r-devel-linux-x86_64-debian-gcc

Version: 0.3.0
Check: LazyData
Result: NOTE 'LazyData' is specified without a 'data' directory Flavors: r-oldrel-macos-arm64, r-oldrel-macos-x86_64, r-oldrel-windows-x86_64