Last updated on 2025-11-06 07:49:26 CET.
| Flavor | Version | Tinstall | Tcheck | Ttotal | Status | Flags |
|---|---|---|---|---|---|---|
| r-devel-linux-x86_64-debian-clang | 1.42.12 | 2.67 | 39.40 | 42.07 | NOTE | |
| r-devel-linux-x86_64-debian-gcc | 1.42.12 | 1.88 | 30.11 | 31.99 | NOTE | |
| r-devel-linux-x86_64-fedora-clang | 1.42.12 | 59.98 | OK | |||
| r-devel-linux-x86_64-fedora-gcc | 1.42.12 | 72.65 | OK | |||
| r-devel-windows-x86_64 | 1.42.12 | 4.00 | 79.00 | 83.00 | OK | |
| r-patched-linux-x86_64 | 1.42.12 | 2.63 | 37.69 | 40.32 | OK | |
| r-release-linux-x86_64 | 1.42.12 | 2.00 | 37.58 | 39.58 | OK | |
| r-release-macos-arm64 | 1.42.12 | 2.00 | 31.00 | 33.00 | OK | |
| r-release-macos-x86_64 | 1.42.12 | 2.00 | 52.00 | 54.00 | OK | |
| r-release-windows-x86_64 | 1.42.12 | 3.00 | 77.00 | 80.00 | OK | |
| r-oldrel-macos-arm64 | 1.42.12 | 2.00 | 34.00 | 36.00 | OK | |
| r-oldrel-macos-x86_64 | 1.42.12 | 2.00 | 40.00 | 42.00 | OK | |
| r-oldrel-windows-x86_64 | 1.42.12 | 4.00 | 82.00 | 86.00 | OK |
Version: 1.42.12
Check: CRAN incoming feasibility
Result: NOTE
Maintainer: ‘Didier Ruedin <didier.ruedin@unine.ch>’
No Authors@R field in DESCRIPTION.
Please add one, modifying
Authors@R: person(given = "Didier",
family = "Ruedin",
role = c("ctb", "aut", "cre"),
email = "didier.ruedin@unine.ch")
as necessary.
Flavors: r-devel-linux-x86_64-debian-clang, r-devel-linux-x86_64-debian-gcc