Last updated on 2025-10-27 07:49:53 CET.
| Flavor | Version | Tinstall | Tcheck | Ttotal | Status | Flags |
|---|---|---|---|---|---|---|
| r-devel-linux-x86_64-debian-clang | 0.20.0 | 77.52 | 21.84 | 99.36 | OK | |
| r-devel-linux-x86_64-debian-gcc | 0.20.0 | 65.31 | 18.27 | 83.58 | OK | |
| r-devel-linux-x86_64-fedora-clang | 0.20.0 | 107.00 | 52.32 | 159.32 | OK | |
| r-devel-linux-x86_64-fedora-gcc | 0.20.0 | 131.00 | 75.26 | 206.26 | OK | |
| r-devel-windows-x86_64 | 0.20.0 | 111.00 | 110.00 | 221.00 | OK | |
| r-patched-linux-x86_64 | 0.20.0 | 90.23 | 19.87 | 110.10 | OK | |
| r-release-linux-x86_64 | 0.20.0 | 91.89 | 19.63 | 111.52 | OK | |
| r-release-macos-arm64 | 0.20.0 | 35.00 | 16.00 | 51.00 | OK | |
| r-release-macos-x86_64 | 0.20.0 | 37.00 | 25.00 | 62.00 | OK | |
| r-release-windows-x86_64 | 0.20.0 | 113.00 | 108.00 | 221.00 | OK | |
| r-oldrel-macos-arm64 | 0.20.0 | 34.00 | 21.00 | 55.00 | NOTE | |
| r-oldrel-macos-x86_64 | 0.20.0 | 43.00 | 29.00 | 72.00 | NOTE | |
| r-oldrel-windows-x86_64 | 0.20.0 | 132.00 | 145.00 | 277.00 | NOTE |
Version: 0.20.0
Check: installed package size
Result: NOTE
installed size is 9.5Mb
sub-directories of 1Mb or more:
libs 9.4Mb
Flavors: r-oldrel-macos-arm64, r-oldrel-macos-x86_64, r-oldrel-windows-x86_64