Last updated on 2025-07-18 08:51:22 CEST.
Flavor | Version | Tinstall | Tcheck | Ttotal | Status | Flags |
---|---|---|---|---|---|---|
r-devel-linux-x86_64-debian-clang | 1.0 | 56.49 | 27.24 | 83.73 | NOTE | |
r-devel-linux-x86_64-debian-gcc | 1.0 | 36.61 | 21.53 | 58.14 | NOTE | |
r-devel-linux-x86_64-fedora-clang | 1.0 | 165.93 | NOTE | |||
r-devel-linux-x86_64-fedora-gcc | 1.0 | 129.07 | NOTE | |||
r-devel-windows-x86_64 | 1.0 | 66.00 | 65.00 | 131.00 | NOTE | |
r-patched-linux-x86_64 | 1.0 | 52.41 | 25.40 | 77.81 | NOTE | |
r-release-linux-x86_64 | 1.0 | 50.55 | 25.73 | 76.28 | NOTE | |
r-release-macos-arm64 | 1.0 | 43.00 | NOTE | |||
r-release-macos-x86_64 | 1.0 | 53.00 | NOTE | |||
r-release-windows-x86_64 | 1.0 | 64.00 | 63.00 | 127.00 | NOTE | |
r-oldrel-macos-arm64 | 1.0 | 37.00 | NOTE | |||
r-oldrel-macos-x86_64 | 1.0 | 41.00 | NOTE | |||
r-oldrel-windows-x86_64 | 1.0 | 76.00 | 76.00 | 152.00 | NOTE |
Version: 1.0
Check: C++ specification
Result: NOTE
Specified C++11: please drop specification unless essential
Flavors: r-devel-linux-x86_64-debian-clang, r-devel-linux-x86_64-debian-gcc, r-devel-linux-x86_64-fedora-clang, r-devel-linux-x86_64-fedora-gcc, r-devel-windows-x86_64, r-patched-linux-x86_64, r-release-linux-x86_64, r-release-macos-arm64, r-release-macos-x86_64, r-release-windows-x86_64, r-oldrel-macos-arm64, r-oldrel-macos-x86_64, r-oldrel-windows-x86_64