CRAN Package Check Results for Package TITAN2

Last updated on 2025-07-18 08:51:20 CEST.

Flavor Version Tinstall Tcheck Ttotal Status Flags
r-devel-linux-x86_64-debian-clang 2.4.3 7.76 116.19 123.95 NOTE
r-devel-linux-x86_64-debian-gcc 2.4.3 5.73 82.66 88.39 NOTE
r-devel-linux-x86_64-fedora-clang 2.4.3 193.44 OK
r-devel-linux-x86_64-fedora-gcc 2.4.3 199.95 OK
r-devel-windows-x86_64 2.4.3 10.00 196.00 206.00 NOTE
r-patched-linux-x86_64 2.4.3 8.44 110.94 119.38 NOTE
r-release-linux-x86_64 2.4.3 8.08 109.15 117.23 NOTE
r-release-macos-arm64 2.4.3 64.00 OK
r-release-macos-x86_64 2.4.3 119.00 OK
r-release-windows-x86_64 2.4.3 11.00 195.00 206.00 NOTE
r-oldrel-macos-arm64 2.4.3 58.00 OK
r-oldrel-macos-x86_64 2.4.3 128.00 OK
r-oldrel-windows-x86_64 2.4.3 13.00 210.00 223.00 OK

Check Details

Version: 2.4.3
Check: Rd cross-references
Result: NOTE Found the following Rd file(s) with Rd \link{} targets missing package anchors: plot_taxa_ridges.Rd: scale_fill_gradient, theme_ridges, geom_density_ridges Please provide package anchors for all Rd \link{} targets not in the package itself and the base packages. Flavors: r-devel-linux-x86_64-debian-clang, r-devel-linux-x86_64-debian-gcc, r-devel-windows-x86_64, r-patched-linux-x86_64, r-release-linux-x86_64, r-release-windows-x86_64