CRAN Package Check Results for Package StatPerMeCo

Last updated on 2025-11-06 07:49:52 CET.

Flavor Version Tinstall Tcheck Ttotal Status Flags
r-devel-linux-x86_64-debian-clang 0.1.0 1.71 19.52 21.23 NOTE
r-devel-linux-x86_64-debian-gcc 0.1.0 1.42 15.72 17.14 NOTE
r-devel-linux-x86_64-fedora-clang 0.1.0 30.92 OK
r-devel-linux-x86_64-fedora-gcc 0.1.0 29.55 OK
r-devel-windows-x86_64 0.1.0 4.00 34.00 38.00 OK
r-patched-linux-x86_64 0.1.0 1.98 18.17 20.15 OK
r-release-linux-x86_64 0.1.0 1.78 18.05 19.83 OK
r-release-macos-arm64 0.1.0 1.00 14.00 15.00 OK
r-release-macos-x86_64 0.1.0 2.00 21.00 23.00 OK
r-release-windows-x86_64 0.1.0 3.00 35.00 38.00 OK
r-oldrel-macos-arm64 0.1.0 1.00 13.00 14.00 OK
r-oldrel-macos-x86_64 0.1.0 2.00 17.00 19.00 OK
r-oldrel-windows-x86_64 0.1.0 3.00 36.00 39.00 OK

Check Details

Version: 0.1.0
Check: CRAN incoming feasibility
Result: NOTE Maintainer: ‘Carlos Trucios <ctrucios@gmail.com>’ No Authors@R field in DESCRIPTION. Please add one, modifying Authors@R: person(given = "Carlos", family = "Trucios", role = c("aut", "cre"), email = "ctrucios@gmail.com") as necessary. Flavors: r-devel-linux-x86_64-debian-clang, r-devel-linux-x86_64-debian-gcc