Last updated on 2025-11-06 07:49:51 CET.
| Flavor | Version | Tinstall | Tcheck | Ttotal | Status | Flags |
|---|---|---|---|---|---|---|
| r-devel-linux-x86_64-debian-clang | 2.1.3 | 2.25 | 25.02 | 27.27 | NOTE | |
| r-devel-linux-x86_64-debian-gcc | 2.1.3 | 1.90 | 19.54 | 21.44 | NOTE | |
| r-devel-linux-x86_64-fedora-clang | 2.1.3 | 40.28 | OK | |||
| r-devel-linux-x86_64-fedora-gcc | 2.1.3 | 38.56 | OK | |||
| r-devel-windows-x86_64 | 2.1.3 | 4.00 | 40.00 | 44.00 | OK | |
| r-patched-linux-x86_64 | 2.1.3 | 2.57 | 23.66 | 26.23 | OK | |
| r-release-linux-x86_64 | 2.1.3 | 2.05 | 23.65 | 25.70 | OK | |
| r-release-macos-arm64 | 2.1.3 | 1.00 | 14.00 | 15.00 | OK | |
| r-release-macos-x86_64 | 2.1.3 | 2.00 | 24.00 | 26.00 | OK | |
| r-release-windows-x86_64 | 2.1.3 | 5.00 | 40.00 | 45.00 | OK | |
| r-oldrel-macos-arm64 | 2.1.3 | 1.00 | 15.00 | 16.00 | OK | |
| r-oldrel-macos-x86_64 | 2.1.3 | 2.00 | 20.00 | 22.00 | OK | |
| r-oldrel-windows-x86_64 | 2.1.3 | 4.00 | 42.00 | 46.00 | OK |
Version: 2.1.3
Check: CRAN incoming feasibility
Result: NOTE
Maintainer: ‘G. Peters <peters.activities@gmail.com>’
No Authors@R field in DESCRIPTION.
Please add one, modifying
Authors@R: person(given = "G.",
family = "Peters",
role = c("aut", "cre"),
email = "peters.activities@gmail.com",
comment = "Ed.")
as necessary.
Flavors: r-devel-linux-x86_64-debian-clang, r-devel-linux-x86_64-debian-gcc