Last updated on 2025-10-27 19:53:12 CET.
| Flavor | Version | Tinstall | Tcheck | Ttotal | Status | Flags |
|---|---|---|---|---|---|---|
| r-devel-linux-x86_64-debian-clang | 1.0.1.1 | 3.53 | 73.34 | 76.87 | NOTE | |
| r-devel-linux-x86_64-debian-gcc | 1.0.1.1 | 2.12 | 50.78 | 52.90 | NOTE | |
| r-devel-linux-x86_64-fedora-clang | 1.0.1.1 | 116.91 | OK | |||
| r-devel-linux-x86_64-fedora-gcc | 1.0.1.1 | 127.22 | OK | |||
| r-devel-windows-x86_64 | 1.0.1.1 | 5.00 | 109.00 | 114.00 | OK | |
| r-patched-linux-x86_64 | 1.0.1.1 | 3.89 | 71.31 | 75.20 | OK | |
| r-release-linux-x86_64 | 1.0.1.1 | 3.14 | 71.25 | 74.39 | OK | |
| r-release-macos-arm64 | 1.0.1.1 | 2.00 | 40.00 | 42.00 | OK | |
| r-release-macos-x86_64 | 1.0.1.1 | 3.00 | 77.00 | 80.00 | OK | |
| r-release-windows-x86_64 | 1.0.1.1 | 6.00 | 115.00 | 121.00 | OK | |
| r-oldrel-macos-arm64 | 1.0.1.1 | 1.00 | 38.00 | 39.00 | OK | |
| r-oldrel-macos-x86_64 | 1.0.1.1 | 4.00 | 120.00 | 124.00 | OK | |
| r-oldrel-windows-x86_64 | 1.0.1.1 | 7.00 | 129.00 | 136.00 | OK |
Version: 1.0.1.1
Check: CRAN incoming feasibility
Result: NOTE
Maintainer: ‘Monique Graf <monique.p.n.graf@bluewin.ch>’
No Authors@R field in DESCRIPTION.
Please add one, modifying
Authors@R: person(given = "Monique",
family = "Graf",
role = c("aut", "cre"),
email = "monique.p.n.graf@bluewin.ch")
as necessary.
Flavors: r-devel-linux-x86_64-debian-clang, r-devel-linux-x86_64-debian-gcc