Last updated on 2025-07-18 08:51:12 CEST.
Flavor | Version | Tinstall | Tcheck | Ttotal | Status | Flags |
---|---|---|---|---|---|---|
r-devel-linux-x86_64-debian-clang | 5.0.4 | 61.63 | 47.10 | 108.73 | OK | |
r-devel-linux-x86_64-debian-gcc | 5.0.4 | 45.30 | 34.64 | 79.94 | OK | |
r-devel-linux-x86_64-fedora-clang | 5.0.4 | 174.07 | OK | |||
r-devel-linux-x86_64-fedora-gcc | 5.0.4 | 181.35 | OK | |||
r-devel-windows-x86_64 | 5.0.4 | 121.00 | 140.00 | 261.00 | OK | |
r-patched-linux-x86_64 | 5.0.4 | 65.81 | 43.80 | 109.61 | OK | |
r-release-linux-x86_64 | 5.0.4 | 64.61 | 43.17 | 107.78 | OK | |
r-release-macos-arm64 | 5.0.4 | 47.00 | OK | |||
r-release-macos-x86_64 | 5.0.4 | 68.00 | OK | |||
r-release-windows-x86_64 | 5.0.4 | 121.00 | 137.00 | 258.00 | OK | |
r-oldrel-macos-arm64 | 5.0.4 | 54.00 | NOTE | |||
r-oldrel-macos-x86_64 | 5.0.4 | 89.00 | NOTE | |||
r-oldrel-windows-x86_64 | 5.0.4 | 135.00 | 166.00 | 301.00 | OK |
Version: 5.0.4
Check: installed package size
Result: NOTE
installed size is 6.9Mb
sub-directories of 1Mb or more:
libs 6.0Mb
Flavors: r-oldrel-macos-arm64, r-oldrel-macos-x86_64