CRAN Package Check Results for Package RedditExtractoR

Last updated on 2025-10-27 19:53:10 CET.

Flavor Version Tinstall Tcheck Ttotal Status Flags
r-devel-linux-x86_64-debian-clang 3.0.9 2.38 24.52 26.90 NOTE
r-devel-linux-x86_64-debian-gcc 3.0.9 1.95 20.38 22.33 NOTE
r-devel-linux-x86_64-fedora-clang 3.0.9 38.17 OK
r-devel-linux-x86_64-fedora-gcc 3.0.9 36.83 OK
r-devel-windows-x86_64 3.0.9 4.00 45.00 49.00 OK
r-patched-linux-x86_64 3.0.9 2.47 22.34 24.81 OK
r-release-linux-x86_64 3.0.9 2.29 22.41 24.70 OK
r-release-macos-arm64 3.0.9 1.00 14.00 15.00 OK
r-release-macos-x86_64 3.0.9 2.00 23.00 25.00 OK
r-release-windows-x86_64 3.0.9 5.00 48.00 53.00 OK
r-oldrel-macos-arm64 3.0.9 1.00 15.00 16.00 OK
r-oldrel-macos-x86_64 3.0.9 2.00 21.00 23.00 OK
r-oldrel-windows-x86_64 3.0.9 6.00 50.00 56.00 OK

Check Details

Version: 3.0.9
Check: CRAN incoming feasibility
Result: NOTE Maintainer: ‘Ivan Rivera <ivan.s.rivera@gmail.com>’ No Authors@R field in DESCRIPTION. Please add one, modifying Authors@R: person(given = "Ivan", family = "Rivera", role = c("aut", "cre"), email = "ivan.s.rivera@gmail.com") as necessary. Flavors: r-devel-linux-x86_64-debian-clang, r-devel-linux-x86_64-debian-gcc