Last updated on 2025-10-27 19:53:10 CET.
| Flavor | Version | Tinstall | Tcheck | Ttotal | Status | Flags |
|---|---|---|---|---|---|---|
| r-devel-linux-x86_64-debian-clang | 1.1.3 | 201.51 | 225.58 | 427.09 | OK | |
| r-devel-linux-x86_64-debian-gcc | 1.1.3 | 140.02 | 156.44 | 296.46 | OK | |
| r-devel-linux-x86_64-fedora-clang | 1.1.3 | 960.00 | -161.72 | 798.28 | OK | |
| r-devel-linux-x86_64-fedora-gcc | 1.1.3 | 374.00 | 396.62 | 770.62 | OK | |
| r-devel-windows-x86_64 | 1.1.3 | 219.00 | 284.00 | 503.00 | OK | |
| r-patched-linux-x86_64 | 1.1.3 | 209.64 | 211.48 | 421.12 | OK | |
| r-release-linux-x86_64 | 1.1.3 | 209.01 | 214.92 | 423.93 | OK | |
| r-release-macos-arm64 | 1.1.3 | 80.00 | 98.00 | 178.00 | OK | |
| r-release-macos-x86_64 | 1.1.3 | 81.00 | 191.00 | 272.00 | OK | |
| r-release-windows-x86_64 | 1.1.3 | 227.00 | 298.00 | 525.00 | OK | |
| r-oldrel-macos-arm64 | 1.1.3 | 76.00 | 113.00 | 189.00 | NOTE | |
| r-oldrel-macos-x86_64 | 1.1.3 | 80.00 | 187.00 | 267.00 | NOTE | |
| r-oldrel-windows-x86_64 | 1.1.3 | 270.00 | 358.00 | 628.00 | NOTE |
Version: 1.1.3
Check: installed package size
Result: NOTE
installed size is 19.8Mb
sub-directories of 1Mb or more:
data 1.9Mb
libs 16.1Mb
Flavors: r-oldrel-macos-arm64, r-oldrel-macos-x86_64, r-oldrel-windows-x86_64