CRAN Package Check Results for Package RcppClock

Last updated on 2025-07-17 20:50:23 CEST.

Flavor Version Tinstall Tcheck Ttotal Status Flags
r-devel-linux-x86_64-debian-clang 1.1 14.49 49.23 63.72 NOTE
r-devel-linux-x86_64-debian-gcc 1.1 10.10 37.25 47.35 NOTE
r-devel-linux-x86_64-fedora-clang 1.1 101.42 NOTE
r-devel-linux-x86_64-fedora-gcc 1.1 100.33 NOTE
r-devel-windows-x86_64 1.1 18.00 93.00 111.00 NOTE
r-patched-linux-x86_64 1.1 13.09 48.13 61.22 NOTE
r-release-linux-x86_64 1.1 11.65 48.14 59.79 NOTE
r-release-macos-arm64 1.1 30.00 NOTE
r-release-macos-x86_64 1.1 48.00 NOTE
r-release-windows-x86_64 1.1 18.00 94.00 112.00 NOTE
r-oldrel-macos-arm64 1.1 29.00 NOTE
r-oldrel-macos-x86_64 1.1 50.00 NOTE
r-oldrel-windows-x86_64 1.1 22.00 108.00 130.00 NOTE

Check Details

Version: 1.1
Check: CRAN incoming feasibility
Result: NOTE Maintainer: ‘Zach DeBruine <zacharydebruine@gmail.com>’ No Authors@R field in DESCRIPTION. Please add one, modifying Authors@R: person(given = "Zach", family = "DeBruine", role = c("aut", "cre"), email = "zacharydebruine@gmail.com") as necessary. Flavors: r-devel-linux-x86_64-debian-clang, r-devel-linux-x86_64-debian-gcc

Version: 1.1
Check: C++ specification
Result: NOTE Specified C++11: please drop specification unless essential Flavors: r-devel-linux-x86_64-debian-clang, r-devel-linux-x86_64-debian-gcc, r-devel-linux-x86_64-fedora-clang, r-devel-linux-x86_64-fedora-gcc, r-devel-windows-x86_64, r-patched-linux-x86_64, r-release-linux-x86_64, r-release-macos-arm64, r-release-macos-x86_64, r-release-windows-x86_64, r-oldrel-macos-arm64, r-oldrel-macos-x86_64, r-oldrel-windows-x86_64