Last updated on 2025-07-17 20:50:23 CEST.
Flavor | Version | Tinstall | Tcheck | Ttotal | Status | Flags |
---|---|---|---|---|---|---|
r-devel-linux-x86_64-debian-clang | 0.6.7 | 45.04 | 55.98 | 101.02 | OK | |
r-devel-linux-x86_64-debian-gcc | 0.6.7 | 35.65 | 41.75 | 77.40 | OK | |
r-devel-linux-x86_64-fedora-clang | 0.6.8 | 182.33 | OK | |||
r-devel-linux-x86_64-fedora-gcc | 0.6.8 | 207.66 | OK | |||
r-devel-windows-x86_64 | 0.6.7 | 137.00 | 117.00 | 254.00 | OK | |
r-patched-linux-x86_64 | 0.6.7 | 49.07 | 52.61 | 101.68 | OK | |
r-release-linux-x86_64 | 0.6.7 | 48.27 | 52.05 | 100.32 | OK | |
r-release-macos-arm64 | 0.6.7 | 84.00 | OK | |||
r-release-macos-x86_64 | 0.6.8 | 103.00 | OK | |||
r-release-windows-x86_64 | 0.6.7 | 136.00 | 120.00 | 256.00 | OK | |
r-oldrel-macos-arm64 | 0.6.7 | 81.00 | NOTE | |||
r-oldrel-macos-x86_64 | 0.6.8 | 148.00 | NOTE | |||
r-oldrel-windows-x86_64 | 0.6.7 | 135.00 | 138.00 | 273.00 | NOTE |
Version: 0.6.7
Check: installed package size
Result: NOTE
installed size is 7.6Mb
sub-directories of 1Mb or more:
libs 6.2Mb
Flavors: r-oldrel-macos-arm64, r-oldrel-windows-x86_64
Version: 0.6.7
Check: for GNU extensions in Makefiles
Result: NOTE
GNU make is a SystemRequirements.
Flavors: r-oldrel-macos-arm64, r-oldrel-windows-x86_64
Version: 0.6.8
Check: installed package size
Result: NOTE
installed size is 7.4Mb
sub-directories of 1Mb or more:
libs 6.0Mb
Flavor: r-oldrel-macos-x86_64
Version: 0.6.8
Check: for GNU extensions in Makefiles
Result: NOTE
GNU make is a SystemRequirements.
Flavor: r-oldrel-macos-x86_64