Last updated on 2025-10-27 19:53:10 CET.
| Flavor | Version | Tinstall | Tcheck | Ttotal | Status | Flags |
|---|---|---|---|---|---|---|
| r-devel-linux-x86_64-debian-clang | 0.7.12 | 24.92 | 183.70 | 208.62 | OK | |
| r-devel-linux-x86_64-debian-gcc | 0.7.12 | 18.20 | 134.48 | 152.68 | OK | |
| r-devel-linux-x86_64-fedora-clang | 0.7.12 | 62.00 | 271.79 | 333.79 | OK | |
| r-devel-linux-x86_64-fedora-gcc | 0.7.12 | 60.00 | 260.03 | 320.03 | OK | |
| r-devel-windows-x86_64 | 0.7.12 | 32.00 | 264.00 | 296.00 | OK | |
| r-patched-linux-x86_64 | 0.7.12 | 29.90 | 182.81 | 212.71 | OK | |
| r-release-linux-x86_64 | 0.7.12 | 26.85 | 184.08 | 210.93 | OK | |
| r-release-macos-arm64 | 0.7.12 | 23.00 | 59.00 | 82.00 | OK | |
| r-release-macos-x86_64 | 0.7.12 | 22.00 | 98.00 | 120.00 | OK | |
| r-release-windows-x86_64 | 0.7.12 | 33.00 | 240.00 | 273.00 | OK | |
| r-oldrel-macos-arm64 | 0.7.12 | 24.00 | 107.00 | 131.00 | NOTE | |
| r-oldrel-macos-x86_64 | 0.7.12 | 20.00 | 101.00 | 121.00 | NOTE | |
| r-oldrel-windows-x86_64 | 0.7.12 | 35.00 | 216.00 | 251.00 | NOTE |
Version: 0.7.12
Check: package dependencies
Result: NOTE
Package suggested but not available for checking: ‘ROpenOffice’
Flavors: r-oldrel-macos-arm64, r-oldrel-macos-x86_64, r-oldrel-windows-x86_64