Last updated on 2025-07-18 08:51:14 CEST.
Flavor | Version | Tinstall | Tcheck | Ttotal | Status | Flags |
---|---|---|---|---|---|---|
r-devel-linux-x86_64-debian-clang | 0.0.1 | 3.58 | 44.13 | 47.71 | OK | |
r-devel-linux-x86_64-debian-gcc | 0.0.1 | 2.07 | 35.68 | 37.75 | OK | |
r-devel-linux-x86_64-fedora-clang | 0.0.1 | 75.12 | NOTE | |||
r-devel-linux-x86_64-fedora-gcc | 0.0.1 | 86.15 | NOTE | |||
r-devel-windows-x86_64 | 0.0.1 | 5.00 | 61.00 | 66.00 | OK | |
r-patched-linux-x86_64 | 0.0.1 | 3.65 | 45.43 | 49.08 | OK | |
r-release-linux-x86_64 | 0.0.1 | 3.26 | 45.32 | 48.58 | OK | |
r-release-macos-arm64 | 0.0.1 | 33.00 | OK | |||
r-release-macos-x86_64 | 0.0.1 | 69.00 | OK | |||
r-release-windows-x86_64 | 0.0.1 | 5.00 | 63.00 | 68.00 | OK | |
r-oldrel-macos-arm64 | 0.0.1 | 33.00 | OK | |||
r-oldrel-macos-x86_64 | 0.0.1 | 78.00 | OK | |||
r-oldrel-windows-x86_64 | 0.0.1 | 7.00 | 80.00 | 87.00 | OK |
Version: 0.0.1
Check: dependencies in R code
Result: NOTE
Namespace in Imports field not imported from: ‘quadprog’
All declared Imports should be used.
Flavors: r-devel-linux-x86_64-fedora-clang, r-devel-linux-x86_64-fedora-gcc