CRAN Package Check Results for Package RKEELdata

Last updated on 2025-07-18 08:51:13 CEST.

Flavor Version Tinstall Tcheck Ttotal Status Flags
r-devel-linux-x86_64-debian-clang 1.0.5 1.78 16.42 18.20 OK
r-devel-linux-x86_64-debian-gcc 1.0.5 1.45 14.22 15.67 OK
r-devel-linux-x86_64-fedora-clang 1.0.5 27.44 OK
r-devel-linux-x86_64-fedora-gcc 1.0.5 26.40 OK
r-devel-windows-x86_64 1.0.5 7.00 33.00 40.00 OK
r-patched-linux-x86_64 1.0.5 1.73 15.46 17.19 OK
r-release-linux-x86_64 1.0.5 1.60 15.33 16.93 OK
r-release-macos-arm64 1.0.5 14.00 OK
r-release-macos-x86_64 1.0.5 23.00 OK
r-release-windows-x86_64 1.0.5 8.00 33.00 41.00 OK
r-oldrel-macos-arm64 1.0.5 13.00 NOTE
r-oldrel-macos-x86_64 1.0.5 22.00 NOTE
r-oldrel-windows-x86_64 1.0.5 8.00 34.00 42.00 NOTE

Check Details

Version: 1.0.5
Check: installed package size
Result: NOTE installed size is 10.3Mb sub-directories of 1Mb or more: datasets 10.2Mb Flavors: r-oldrel-macos-arm64, r-oldrel-macos-x86_64, r-oldrel-windows-x86_64