Last updated on 2025-10-27 19:53:10 CET.
| Flavor | Version | Tinstall | Tcheck | Ttotal | Status | Flags |
|---|---|---|---|---|---|---|
| r-devel-linux-x86_64-debian-clang | 0.2.8 | 10.04 | 82.80 | 92.84 | NOTE | |
| r-devel-linux-x86_64-debian-gcc | 0.2.8 | 7.61 | 57.74 | 65.35 | NOTE | |
| r-devel-linux-x86_64-fedora-clang | 0.2.8 | 23.00 | 124.24 | 147.24 | NOTE | |
| r-devel-linux-x86_64-fedora-gcc | 0.2.8 | 57.00 | 91.81 | 148.81 | NOTE | |
| r-devel-windows-x86_64 | 0.2.8 | 11.00 | 90.00 | 101.00 | OK | |
| r-patched-linux-x86_64 | 0.2.8 | 11.07 | 78.93 | 90.00 | OK | |
| r-release-linux-x86_64 | 0.2.8 | 9.78 | 77.20 | 86.98 | OK | |
| r-release-macos-arm64 | 0.2.8 | 5.00 | 33.00 | 38.00 | OK | |
| r-release-macos-x86_64 | 0.2.8 | 9.00 | 63.00 | 72.00 | OK | |
| r-release-windows-x86_64 | 0.2.8 | 10.00 | 92.00 | 102.00 | OK | |
| r-oldrel-macos-arm64 | 0.2.8 | 5.00 | 36.00 | 41.00 | NOTE | |
| r-oldrel-macos-x86_64 | 0.2.8 | 9.00 | 85.00 | 94.00 | NOTE | |
| r-oldrel-windows-x86_64 | 0.2.8 | 15.00 | 107.00 | 122.00 | NOTE |
Version: 0.2.8
Check: Rd files
Result: NOTE
checkRd: (-1) regarima.Rd:158-166: Only 7 columns allowed in this table (row 1 has 5)
checkRd: (-1) regarima.Rd:158-166: Only 7 columns allowed in this table (row 2 has 5)
checkRd: (-1) regarima.Rd:158-166: Only 7 columns allowed in this table (row 3 has 5)
checkRd: (-1) regarima.Rd:158-166: Only 7 columns allowed in this table (row 4 has 5)
checkRd: (-1) regarima.Rd:158-166: Only 7 columns allowed in this table (row 5 has 5)
checkRd: (-1) regarima.Rd:158-166: Only 7 columns allowed in this table (row 6 has 5)
checkRd: (-1) regarima.Rd:158-166: Only 7 columns allowed in this table (row 7 has 5)
checkRd: (-1) regarima.Rd:169-178: Only 8 columns allowed in this table (row 1 has 5)
checkRd: (-1) regarima.Rd:169-178: Only 8 columns allowed in this table (row 2 has 5)
checkRd: (-1) regarima.Rd:169-178: Only 8 columns allowed in this table (row 3 has 5)
checkRd: (-1) regarima.Rd:169-178: Only 8 columns allowed in this table (row 4 has 5)
checkRd: (-1) regarima.Rd:169-178: Only 8 columns allowed in this table (row 5 has 5)
checkRd: (-1) regarima.Rd:169-178: Only 8 columns allowed in this table (row 6 has 5)
checkRd: (-1) regarima.Rd:169-178: Only 8 columns allowed in this table (row 7 has 5)
checkRd: (-1) regarima.Rd:169-178: Only 8 columns allowed in this table (row 8 has 5)
checkRd: (-1) regarima_spec_tramoseats.Rd:388-397: Only 8 columns allowed in this table (row 1 has 5)
checkRd: (-1) regarima_spec_tramoseats.Rd:388-397: Only 8 columns allowed in this table (row 2 has 5)
checkRd: (-1) regarima_spec_tramoseats.Rd:388-397: Only 8 columns allowed in this table (row 3 has 5)
checkRd: (-1) regarima_spec_tramoseats.Rd:388-397: Only 8 columns allowed in this table (row 4 has 5)
checkRd: (-1) regarima_spec_tramoseats.Rd:388-397: Only 8 columns allowed in this table (row 5 has 5)
checkRd: (-1) regarima_spec_tramoseats.Rd:388-397: Only 8 columns allowed in this table (row 6 has 5)
checkRd: (-1) regarima_spec_tramoseats.Rd:388-397: Only 8 columns allowed in this table (row 7 has 5)
checkRd: (-1) regarima_spec_tramoseats.Rd:388-397: Only 8 columns allowed in this table (row 8 has 5)
checkRd: (-1) regarima_spec_x13.Rd:390-398: Only 7 columns allowed in this table (row 1 has 5)
checkRd: (-1) regarima_spec_x13.Rd:390-398: Only 7 columns allowed in this table (row 2 has 5)
checkRd: (-1) regarima_spec_x13.Rd:390-398: Only 7 columns allowed in this table (row 3 has 5)
checkRd: (-1) regarima_spec_x13.Rd:390-398: Only 7 columns allowed in this table (row 4 has 5)
checkRd: (-1) regarima_spec_x13.Rd:390-398: Only 7 columns allowed in this table (row 5 has 5)
checkRd: (-1) regarima_spec_x13.Rd:390-398: Only 7 columns allowed in this table (row 6 has 5)
checkRd: (-1) regarima_spec_x13.Rd:390-398: Only 7 columns allowed in this table (row 7 has 5)
checkRd: (-1) tramoseats.Rd:87-96: Only 8 columns allowed in this table (row 1 has 5)
checkRd: (-1) tramoseats.Rd:87-96: Only 8 columns allowed in this table (row 2 has 5)
checkRd: (-1) tramoseats.Rd:87-96: Only 8 columns allowed in this table (row 3 has 5)
checkRd: (-1) tramoseats.Rd:87-96: Only 8 columns allowed in this table (row 4 has 5)
checkRd: (-1) tramoseats.Rd:87-96: Only 8 columns allowed in this table (row 5 has 5)
checkRd: (-1) tramoseats.Rd:87-96: Only 8 columns allowed in this table (row 6 has 5)
checkRd: (-1) tramoseats.Rd:87-96: Only 8 columns allowed in this table (row 7 has 5)
checkRd: (-1) tramoseats.Rd:87-96: Only 8 columns allowed in this table (row 8 has 5)
checkRd: (-1) tramoseats_spec.Rd:393-402: Only 8 columns allowed in this table (row 1 has 5)
checkRd: (-1) tramoseats_spec.Rd:393-402: Only 8 columns allowed in this table (row 2 has 5)
checkRd: (-1) tramoseats_spec.Rd:393-402: Only 8 columns allowed in this table (row 3 has 5)
checkRd: (-1) tramoseats_spec.Rd:393-402: Only 8 columns allowed in this table (row 4 has 5)
checkRd: (-1) tramoseats_spec.Rd:393-402: Only 8 columns allowed in this table (row 5 has 5)
checkRd: (-1) tramoseats_spec.Rd:393-402: Only 8 columns allowed in this table (row 6 has 5)
checkRd: (-1) tramoseats_spec.Rd:393-402: Only 8 columns allowed in this table (row 7 has 5)
checkRd: (-1) tramoseats_spec.Rd:393-402: Only 8 columns allowed in this table (row 8 has 5)
checkRd: (-1) x13.Rd:80-89: Only 7 columns allowed in this table (row 1 has 5)
checkRd: (-1) x13.Rd:80-89: Only 7 columns allowed in this table (row 2 has 5)
checkRd: (-1) x13.Rd:80-89: Only 7 columns allowed in this table (row 3 has 5)
checkRd: (-1) x13.Rd:80-89: Only 7 columns allowed in this table (row 4 has 5)
checkRd: (-1) x13.Rd:80-89: Only 7 columns allowed in this table (row 5 has 5)
checkRd: (-1) x13.Rd:80-89: Only 7 columns allowed in this table (row 6 has 5)
checkRd: (-1) x13.Rd:80-89: Only 7 columns allowed in this table (row 7 has 5)
checkRd: (-1) x13.Rd:80-89: Only 7 columns allowed in this table (row 8 has 5)
checkRd: (-1) x13_spec.Rd:437-446: Only 7 columns allowed in this table (row 1 has 5)
checkRd: (-1) x13_spec.Rd:437-446: Only 7 columns allowed in this table (row 2 has 5)
checkRd: (-1) x13_spec.Rd:437-446: Only 7 columns allowed in this table (row 3 has 5)
checkRd: (-1) x13_spec.Rd:437-446: Only 7 columns allowed in this table (row 4 has 5)
checkRd: (-1) x13_spec.Rd:437-446: Only 7 columns allowed in this table (row 5 has 5)
checkRd: (-1) x13_spec.Rd:437-446: Only 7 columns allowed in this table (row 6 has 5)
checkRd: (-1) x13_spec.Rd:437-446: Only 7 columns allowed in this table (row 7 has 5)
checkRd: (-1) x13_spec.Rd:437-446: Only 7 columns allowed in this table (row 8 has 5)
Flavors: r-devel-linux-x86_64-debian-clang, r-devel-linux-x86_64-debian-gcc, r-devel-linux-x86_64-fedora-clang, r-devel-linux-x86_64-fedora-gcc
Version: 0.2.8
Check: installed package size
Result: NOTE
installed size is 5.1Mb
sub-directories of 1Mb or more:
java 4.2Mb
Flavors: r-oldrel-macos-arm64, r-oldrel-macos-x86_64, r-oldrel-windows-x86_64