CRAN Package Check Results for Package RIFS

Last updated on 2025-11-06 07:49:47 CET.

Flavor Version Tinstall Tcheck Ttotal Status Flags
r-devel-linux-x86_64-debian-clang 0.1.6 1.59 19.96 21.55 NOTE
r-devel-linux-x86_64-debian-gcc 0.1.6 1.45 15.87 17.32 NOTE
r-devel-linux-x86_64-fedora-clang 0.1.6 31.49 OK
r-devel-linux-x86_64-fedora-gcc 0.1.6 29.31 OK
r-devel-windows-x86_64 0.1.6 2.00 36.00 38.00 OK
r-patched-linux-x86_64 0.1.6 1.79 18.54 20.33 OK
r-release-linux-x86_64 0.1.6 1.65 18.51 20.16 OK
r-release-macos-arm64 0.1.6 1.00 15.00 16.00 OK
r-release-macos-x86_64 0.1.6 2.00 24.00 26.00 OK
r-release-windows-x86_64 0.1.6 3.00 34.00 37.00 OK
r-oldrel-macos-arm64 0.1.6 1.00 12.00 13.00 OK
r-oldrel-macos-x86_64 0.1.6 2.00 22.00 24.00 OK
r-oldrel-windows-x86_64 0.1.6 3.00 36.00 39.00 OK

Check Details

Version: 0.1.6
Check: CRAN incoming feasibility
Result: NOTE Maintainer: ‘Pavel V. Moskalev <moskalefff@gmail.com>’ No Authors@R field in DESCRIPTION. Please add one, modifying Authors@R: c(person(given = c("Pavel", "V."), family = "Moskalev", role = c("aut", "cre"), email = "moskalefff@gmail.com"), person(given = c("Alexey", "G."), family = "Bukhovets", role = "aut"), person(given = c("Tatyana", "Ya."), family = "Biruchinskay", role = "aut")) as necessary. Flavors: r-devel-linux-x86_64-debian-clang, r-devel-linux-x86_64-debian-gcc