CRAN Package Check Results for Package PolyHaplotyper

Last updated on 2025-07-17 20:50:21 CEST.

Flavor Version Tinstall Tcheck Ttotal Status Flags
r-devel-linux-x86_64-debian-clang 1.0.1 6.45 311.09 317.54 NOTE
r-devel-linux-x86_64-debian-gcc 1.0.1 4.45 149.85 154.30 NOTE
r-devel-linux-x86_64-fedora-clang 1.0.1 523.64 OK
r-devel-linux-x86_64-fedora-gcc 1.0.1 535.33 OK
r-devel-windows-x86_64 1.0.1 7.00 198.00 205.00 OK
r-patched-linux-x86_64 1.0.1 6.52 262.73 269.25 OK
r-release-linux-x86_64 1.0.1 5.46 259.41 264.87 OK
r-release-macos-arm64 1.0.1 92.00 OK
r-release-macos-x86_64 1.0.1 237.00 OK
r-release-windows-x86_64 1.0.1 6.00 200.00 206.00 OK
r-oldrel-macos-arm64 1.0.1 96.00 OK
r-oldrel-macos-x86_64 1.0.1 177.00 OK
r-oldrel-windows-x86_64 1.0.1 10.00 283.00 293.00 OK

Check Details

Version: 1.0.1
Check: CRAN incoming feasibility
Result: NOTE Maintainer: ‘Roeland E. Voorrips <roeland.voorrips@wur.nl>’ No Authors@R field in DESCRIPTION. Please add one, modifying Authors@R: person(given = c("Roeland", "E."), family = "Voorrips", role = c("aut", "cre"), email = "roeland.voorrips@wur.nl") as necessary. Flavors: r-devel-linux-x86_64-debian-clang, r-devel-linux-x86_64-debian-gcc