Last updated on 2025-07-18 08:51:10 CEST.
Flavor | Version | Tinstall | Tcheck | Ttotal | Status | Flags |
---|---|---|---|---|---|---|
r-devel-linux-x86_64-debian-clang | 1.7.1 | 31.77 | 48.35 | 80.12 | NOTE | |
r-devel-linux-x86_64-debian-gcc | 1.7.1 | 23.05 | 34.93 | 57.98 | NOTE | |
r-devel-linux-x86_64-fedora-clang | 1.7.1 | 125.76 | OK | |||
r-devel-linux-x86_64-fedora-gcc | 1.7.1 | 122.17 | OK | |||
r-devel-windows-x86_64 | 1.7.1 | 34.00 | 64.00 | 98.00 | OK | |
r-patched-linux-x86_64 | 1.7.1 | 32.31 | 44.99 | 77.30 | OK | |
r-release-linux-x86_64 | 1.7.1 | 33.52 | 45.06 | 78.58 | OK | |
r-release-macos-arm64 | 1.7.1 | 46.00 | OK | |||
r-release-macos-x86_64 | 1.7.1 | 81.00 | OK | |||
r-release-windows-x86_64 | 1.7.1 | 35.00 | 63.00 | 98.00 | OK | |
r-oldrel-macos-arm64 | 1.7.1 | 49.00 | OK | |||
r-oldrel-macos-x86_64 | 1.7.1 | 61.00 | OK | |||
r-oldrel-windows-x86_64 | 1.7.1 | 44.00 | 75.00 | 119.00 | OK |
Version: 1.7.1
Check: CRAN incoming feasibility
Result: NOTE
Maintainer: ‘Przemyslaw Biecek <przemyslaw.biecek@gmail.com>’
No Authors@R field in DESCRIPTION.
Please add one, modifying
Authors@R: person(given = "Przemyslaw",
family = "Biecek",
role = c("aut", "cre"),
email = "przemyslaw.biecek@gmail.com")
as necessary.
Flavors: r-devel-linux-x86_64-debian-clang, r-devel-linux-x86_64-debian-gcc