CRAN Package Check Results for Package PakPMICS2018mm

Last updated on 2025-10-27 07:50:07 CET.

Flavor Version Tinstall Tcheck Ttotal Status Flags
r-devel-linux-x86_64-debian-clang 0.1.0 5.30 37.38 42.68 NOTE
r-devel-linux-x86_64-debian-gcc 0.1.0 4.00 28.31 32.31 NOTE
r-devel-linux-x86_64-fedora-clang 0.1.0 12.00 55.16 67.16 NOTE
r-devel-linux-x86_64-fedora-gcc 0.1.0 12.00 65.86 77.86 NOTE
r-devel-windows-x86_64 0.1.0 8.00 52.00 60.00 NOTE
r-patched-linux-x86_64 0.1.0 5.64 34.89 40.53 NOTE
r-release-linux-x86_64 0.1.0 5.15 34.86 40.01 NOTE
r-release-macos-arm64 0.1.0 3.00 34.00 37.00 NOTE
r-release-macos-x86_64 0.1.0 6.00 47.00 53.00 NOTE
r-release-windows-x86_64 0.1.0 8.00 54.00 62.00 NOTE
r-oldrel-macos-arm64 0.1.0 4.00 24.00 28.00 NOTE
r-oldrel-macos-x86_64 0.1.0 5.00 36.00 41.00 NOTE
r-oldrel-windows-x86_64 0.1.0 10.00 63.00 73.00 NOTE

Check Details

Version: 0.1.0
Check: Rd files
Result: NOTE checkRd: (-1) PakPMICS2018mm.Rd:69: Lost braces in \enumerate; meant \describe ? checkRd: (-1) PakPMICS2018mm.Rd:70: Lost braces in \enumerate; meant \describe ? Flavors: r-devel-linux-x86_64-debian-clang, r-devel-linux-x86_64-debian-gcc, r-devel-linux-x86_64-fedora-clang, r-devel-linux-x86_64-fedora-gcc, r-devel-windows-x86_64, r-patched-linux-x86_64, r-release-linux-x86_64, r-release-macos-arm64, r-release-macos-x86_64, r-release-windows-x86_64, r-oldrel-macos-arm64, r-oldrel-macos-x86_64, r-oldrel-windows-x86_64