CRAN Package Check Results for Package PCFAM

Last updated on 2025-11-06 07:49:43 CET.

Flavor Version Tinstall Tcheck Ttotal Status Flags
r-devel-linux-x86_64-debian-clang 1.0 1.68 24.06 25.74 NOTE
r-devel-linux-x86_64-debian-gcc 1.0 1.55 19.52 21.07 NOTE
r-devel-linux-x86_64-fedora-clang 1.0 40.01 OK
r-devel-linux-x86_64-fedora-gcc 1.0 49.78 OK
r-devel-windows-x86_64 1.0 4.00 47.00 51.00 OK
r-patched-linux-x86_64 1.0 2.22 22.94 25.16 OK
r-release-linux-x86_64 1.0 1.98 23.09 25.07 OK
r-release-macos-arm64 1.0 1.00 22.00 23.00 OK
r-release-macos-x86_64 1.0 2.00 39.00 41.00 OK
r-release-windows-x86_64 1.0 3.00 46.00 49.00 OK
r-oldrel-macos-arm64 1.0 1.00 20.00 21.00 OK
r-oldrel-macos-x86_64 1.0 1.00 29.00 30.00 OK
r-oldrel-windows-x86_64 1.0 3.00 49.00 52.00 OK

Check Details

Version: 1.0
Check: CRAN incoming feasibility
Result: NOTE Maintainer: ‘Yi-Hui Zhou <yihui_zhou@ncsu.edu>’ No Authors@R field in DESCRIPTION. Please add one, modifying Authors@R: person(given = "Yi-Hui", family = "Zhou", role = c("aut", "cre"), email = "yihui_zhou@ncsu.edu") as necessary. Flavors: r-devel-linux-x86_64-debian-clang, r-devel-linux-x86_64-debian-gcc