CRAN Package Check Results for Package PCAmatchR

Last updated on 2025-10-27 19:53:07 CET.

Flavor Version Tinstall Tcheck Ttotal Status Flags
r-devel-linux-x86_64-debian-clang 0.3.3 2.01 39.65 41.66 NOTE
r-devel-linux-x86_64-debian-gcc 0.3.3 1.49 32.06 33.55 NOTE
r-devel-linux-x86_64-fedora-clang 0.3.3 66.33 OK
r-devel-linux-x86_64-fedora-gcc 0.3.3 75.94 OK
r-devel-windows-x86_64 0.3.3 3.00 59.00 62.00 OK
r-patched-linux-x86_64 0.3.3 2.09 38.59 40.68 OK
r-release-linux-x86_64 0.3.3 1.87 38.92 40.79 OK
r-release-macos-arm64 0.3.3 1.00 40.00 41.00 OK
r-release-macos-x86_64 0.3.3 2.00 57.00 59.00 OK
r-release-windows-x86_64 0.3.3 3.00 60.00 63.00 OK
r-oldrel-macos-arm64 0.3.3 1.00 28.00 29.00 OK
r-oldrel-macos-x86_64 0.3.3 2.00 40.00 42.00 OK
r-oldrel-windows-x86_64 0.3.3 4.00 72.00 76.00 OK

Check Details

Version: 0.3.3
Check: CRAN incoming feasibility
Result: NOTE Maintainer: ‘Derek W. Brown <derek9@gwmail.gwu.edu>’ Package CITATION file contains call(s) to old-style personList() or as.personList(). Please use c() on person objects instead. Package CITATION file contains call(s) to old-style citEntry(). Please use bibentry() instead. Flavors: r-devel-linux-x86_64-debian-clang, r-devel-linux-x86_64-debian-gcc