Last updated on 2025-10-27 19:53:07 CET.
| Flavor | Version | Tinstall | Tcheck | Ttotal | Status | Flags |
|---|---|---|---|---|---|---|
| r-devel-linux-x86_64-debian-clang | 0.1.0 | 6.67 | 61.67 | 68.34 | NOTE | |
| r-devel-linux-x86_64-debian-gcc | 0.1.0 | 4.42 | 45.44 | 49.86 | NOTE | |
| r-devel-linux-x86_64-fedora-clang | 0.1.0 | 13.00 | 95.35 | 108.35 | OK | |
| r-devel-linux-x86_64-fedora-gcc | 0.1.0 | 12.00 | 87.01 | 99.01 | OK | |
| r-devel-windows-x86_64 | 0.1.0 | 7.00 | 70.00 | 77.00 | OK | |
| r-patched-linux-x86_64 | 0.1.0 | 6.23 | 58.76 | 64.99 | OK | |
| r-release-linux-x86_64 | 0.1.0 | 5.91 | 59.43 | 65.34 | OK | |
| r-release-macos-arm64 | 0.1.0 | 3.00 | 34.00 | 37.00 | OK | |
| r-release-macos-x86_64 | 0.1.0 | 7.00 | 56.00 | 63.00 | OK | |
| r-release-windows-x86_64 | 0.1.0 | 8.00 | 72.00 | 80.00 | OK | |
| r-oldrel-macos-arm64 | 0.1.0 | 3.00 | 30.00 | 33.00 | OK | |
| r-oldrel-macos-x86_64 | 0.1.0 | 5.00 | 47.00 | 52.00 | OK | |
| r-oldrel-windows-x86_64 | 0.1.0 | 10.00 | 86.00 | 96.00 | OK |
Version: 0.1.0
Check: CRAN incoming feasibility
Result: NOTE
Maintainer: ‘Xiao Lin <xlin3@mdanderson.org>’
No Authors@R field in DESCRIPTION.
Please add one, modifying
Authors@R: c(person(given = "Xiao",
family = "Lin",
role = c("aut", "cre"),
email = "xlin3@mdanderson.org"),
person(given = "Xuelin",
family = "Huang",
role = "aut",
email = "xlhuang@mdanderson.org"))
as necessary.
Flavors: r-devel-linux-x86_64-debian-clang, r-devel-linux-x86_64-debian-gcc