Last updated on 2025-10-27 07:50:07 CET.
| Flavor | Version | Tinstall | Tcheck | Ttotal | Status | Flags |
|---|---|---|---|---|---|---|
| r-devel-linux-x86_64-debian-clang | 0.5 | 10.60 | 102.01 | 112.61 | NOTE | |
| r-devel-linux-x86_64-debian-gcc | 0.5 | 7.62 | 70.35 | 77.97 | NOTE | |
| r-devel-linux-x86_64-fedora-clang | 0.5 | 24.00 | 151.42 | 175.42 | NOTE | |
| r-devel-linux-x86_64-fedora-gcc | 0.5 | 25.00 | 151.72 | 176.72 | NOTE | |
| r-devel-windows-x86_64 | 0.5 | 14.00 | 127.00 | 141.00 | NOTE | |
| r-patched-linux-x86_64 | 0.5 | 10.73 | 93.81 | 104.54 | NOTE | |
| r-release-linux-x86_64 | 0.5 | 10.44 | 93.01 | 103.45 | NOTE | |
| r-release-macos-arm64 | 0.5 | 7.00 | 56.00 | 63.00 | NOTE | |
| r-release-macos-x86_64 | 0.5 | 12.00 | 100.00 | 112.00 | NOTE | |
| r-release-windows-x86_64 | 0.5 | 14.00 | 127.00 | 141.00 | NOTE | |
| r-oldrel-macos-arm64 | 0.5 | 7.00 | 60.00 | 67.00 | OK | |
| r-oldrel-macos-x86_64 | 0.5 | 17.00 | 151.00 | 168.00 | OK | |
| r-oldrel-windows-x86_64 | 0.5 | 18.00 | 155.00 | 173.00 | OK |
Version: 0.5
Check: DESCRIPTION meta-information
Result: NOTE
Missing dependency on R >= 4.1.0 because package code uses the pipe
|> or function shorthand \(...) syntax added in R 4.1.0.
File(s) using such syntax:
‘global.R’
Flavors: r-devel-linux-x86_64-debian-clang, r-devel-linux-x86_64-debian-gcc, r-devel-linux-x86_64-fedora-clang, r-devel-linux-x86_64-fedora-gcc, r-devel-windows-x86_64, r-patched-linux-x86_64, r-release-linux-x86_64, r-release-macos-arm64, r-release-macos-x86_64, r-release-windows-x86_64