Last updated on 2025-07-17 20:50:19 CEST.
Flavor | Version | Tinstall | Tcheck | Ttotal | Status | Flags |
---|---|---|---|---|---|---|
r-devel-linux-x86_64-debian-clang | 0.8.0 | 104.98 | 183.62 | 288.60 | OK | |
r-devel-linux-x86_64-debian-gcc | 0.8.0 | 69.98 | 121.72 | 191.70 | OK | |
r-devel-linux-x86_64-fedora-clang | 0.8.0 | 477.40 | OK | |||
r-devel-linux-x86_64-fedora-gcc | 0.8.0 | 469.64 | OK | |||
r-devel-windows-x86_64 | 0.8.0 | 94.00 | 152.00 | 246.00 | OK | |
r-patched-linux-x86_64 | 0.8.0 | 107.03 | 170.85 | 277.88 | OK | |
r-release-linux-x86_64 | 0.8.0 | 115.12 | 169.56 | 284.68 | OK | |
r-release-macos-arm64 | 0.8.0 | 101.00 | OK | |||
r-release-macos-x86_64 | 0.8.0 | 189.00 | OK | |||
r-release-windows-x86_64 | 0.8.0 | 94.00 | 154.00 | 248.00 | OK | |
r-oldrel-macos-arm64 | 0.8.0 | 126.00 | NOTE | |||
r-oldrel-macos-x86_64 | 0.8.0 | 245.00 | NOTE | |||
r-oldrel-windows-x86_64 | 0.8.0 | 146.00 | 199.00 | 345.00 | NOTE |
Version: 0.8.0
Check: package dependencies
Result: NOTE
Depends: includes the non-default packages:
'Cubist', 'Metrics', 'arm', 'brnn', 'broom', 'car', 'caret',
'corrplot', 'doParallel', 'dplyr', 'e1071', 'earth', 'gam', 'gbm',
'ggplot2', 'glmnet', 'gridExtra', 'ipred', 'leaps', 'nnet',
'parallel', 'pls', 'purrr', 'randomForest', 'reactable',
'reactablefmtr', 'readr', 'rpart', 'tidyr', 'tree', 'xgboost'
Adding so many packages to the search path is excessive and importing
selectively is preferable.
Flavors: r-oldrel-macos-arm64, r-oldrel-macos-x86_64, r-oldrel-windows-x86_64