Last updated on 2025-10-27 07:50:05 CET.
| Flavor | Version | Tinstall | Tcheck | Ttotal | Status | Flags | 
|---|---|---|---|---|---|---|
| r-devel-linux-x86_64-debian-clang | 1.0.1 | 1.95 | 34.80 | 36.75 | NOTE | |
| r-devel-linux-x86_64-debian-gcc | 1.0.1 | 1.73 | 26.58 | 28.31 | NOTE | |
| r-devel-linux-x86_64-fedora-clang | 1.0.1 | 59.17 | NOTE | |||
| r-devel-linux-x86_64-fedora-gcc | 1.0.1 | 72.77 | NOTE | |||
| r-devel-windows-x86_64 | 1.0.1 | 4.00 | 53.00 | 57.00 | OK | |
| r-patched-linux-x86_64 | 1.0.1 | 1.91 | 33.42 | 35.33 | NOTE | |
| r-release-linux-x86_64 | 1.0.1 | 2.24 | 33.08 | 35.32 | NOTE | |
| r-release-macos-arm64 | 1.0.1 | 2.00 | 62.00 | 64.00 | OK | |
| r-release-macos-x86_64 | 1.0.1 | 2.00 | 48.00 | 50.00 | OK | |
| r-release-windows-x86_64 | 1.0.1 | 4.00 | 57.00 | 61.00 | OK | |
| r-oldrel-macos-arm64 | 1.0.1 | 1.00 | 26.00 | 27.00 | OK | |
| r-oldrel-macos-x86_64 | 1.0.1 | 2.00 | 38.00 | 40.00 | OK | |
| r-oldrel-windows-x86_64 | 1.0.1 | 4.00 | 68.00 | 72.00 | OK | 
Version: 1.0.1
Check: CRAN incoming feasibility
Result: NOTE
  Maintainer: ‘Mark Chaffin <mac8278@mail.harvard.edu>’
  
  No Authors@R field in DESCRIPTION.
  Please add one, modifying
    Authors@R: person(given = "Mark",
                      family = "Chaffin",
                      role = c("aut", "cre"),
                      email = "mac8278@mail.harvard.edu")
  as necessary.
Flavors: r-devel-linux-x86_64-debian-clang, r-devel-linux-x86_64-debian-gcc
Version: 1.0.1
Check: for non-standard things in the check directory
Result: NOTE
  Found the following files/directories:
    ‘MetProc_output.pdf’ ‘sample_removed.csv’ ‘sample_retained.csv’
Flavors: r-devel-linux-x86_64-debian-clang, r-devel-linux-x86_64-debian-gcc, r-devel-linux-x86_64-fedora-clang, r-devel-linux-x86_64-fedora-gcc, r-patched-linux-x86_64, r-release-linux-x86_64