Last updated on 2025-10-27 19:53:05 CET.
| Flavor | Version | Tinstall | Tcheck | Ttotal | Status | Flags |
|---|---|---|---|---|---|---|
| r-devel-linux-x86_64-debian-clang | 1.0.8 | 8.74 | 67.07 | 75.81 | NOTE | |
| r-devel-linux-x86_64-debian-gcc | 1.0.8 | 6.33 | 46.92 | 53.25 | NOTE | |
| r-devel-linux-x86_64-fedora-clang | 1.0.8 | 19.00 | 99.22 | 118.22 | OK | |
| r-devel-linux-x86_64-fedora-gcc | 1.0.8 | 34.00 | 95.61 | 129.61 | OK | |
| r-devel-windows-x86_64 | 1.0.8 | 10.00 | 78.00 | 88.00 | OK | |
| r-patched-linux-x86_64 | 1.0.8 | 9.41 | 62.07 | 71.48 | OK | |
| r-release-linux-x86_64 | 1.0.8 | 8.46 | 63.18 | 71.64 | OK | |
| r-release-macos-arm64 | 1.0.8 | 4.00 | 42.00 | 46.00 | OK | |
| r-release-macos-x86_64 | 1.0.8 | 8.00 | 70.00 | 78.00 | OK | |
| r-release-windows-x86_64 | 1.0.8 | 10.00 | 82.00 | 92.00 | OK | |
| r-oldrel-macos-arm64 | 1.0.8 | 4.00 | 36.00 | 40.00 | OK | |
| r-oldrel-macos-x86_64 | 1.0.8 | 6.00 | 56.00 | 62.00 | OK | |
| r-oldrel-windows-x86_64 | 1.0.8 | 15.00 | 95.00 | 110.00 | OK |
Version: 1.0.8
Check: CRAN incoming feasibility
Result: NOTE
Maintainer: ‘Gautier Paux <gautier@paux.fr>’
No Authors@R field in DESCRIPTION.
Please add one, modifying
Authors@R: c(person(given = "Gautier",
family = "Paux",
role = c("aut", "cre"),
email = "gautier@paux.fr"),
person(given = "Alex",
family = "Dmitrienko.",
role = "aut"))
as necessary.
Found the following (possibly) invalid file URI:
URI: CaseStudy02
From: inst/doc/case-studies.html
Flavors: r-devel-linux-x86_64-debian-clang, r-devel-linux-x86_64-debian-gcc