Last updated on 2025-10-27 19:53:05 CET.
| Flavor | Version | Tinstall | Tcheck | Ttotal | Status | Flags |
|---|---|---|---|---|---|---|
| r-devel-linux-x86_64-debian-clang | 1.6 | 18.32 | 139.33 | 157.65 | NOTE | |
| r-devel-linux-x86_64-debian-gcc | 1.6 | 14.37 | 111.30 | 125.67 | NOTE | |
| r-devel-linux-x86_64-fedora-clang | 1.6 | 78.00 | 182.94 | 260.94 | NOTE | |
| r-devel-linux-x86_64-fedora-gcc | 1.6 | 133.00 | 124.69 | 257.69 | NOTE | |
| r-devel-windows-x86_64 | 1.6 | 20.00 | 141.00 | 161.00 | NOTE | |
| r-patched-linux-x86_64 | 1.6 | 17.36 | 132.16 | 149.52 | OK | |
| r-release-linux-x86_64 | 1.6 | 17.12 | 133.94 | 151.06 | OK | |
| r-release-macos-arm64 | 1.6 | 9.00 | 52.00 | 61.00 | OK | |
| r-release-macos-x86_64 | 1.6 | 17.00 | 108.00 | 125.00 | OK | |
| r-release-windows-x86_64 | 1.6 | 24.00 | 136.00 | 160.00 | OK | |
| r-oldrel-macos-arm64 | 1.6 | 9.00 | 57.00 | 66.00 | OK | |
| r-oldrel-macos-x86_64 | 1.6 | 18.00 | 115.00 | 133.00 | OK | |
| r-oldrel-windows-x86_64 | 1.6 | 28.00 | 181.00 | 209.00 | OK |
Version: 1.6
Check: Rd files
Result: NOTE
checkRd: (-1) MLE-package.Rd:11-17: Only 3 columns allowed in this table (row 1 has 2)
checkRd: (-1) MLE-package.Rd:11-17: Only 3 columns allowed in this table (row 2 has 2)
checkRd: (-1) MLE-package.Rd:11-17: Only 3 columns allowed in this table (row 3 has 2)
checkRd: (-1) MLE-package.Rd:11-17: Only 3 columns allowed in this table (row 4 has 2)
checkRd: (-1) MLE-package.Rd:11-17: Only 3 columns allowed in this table (row 5 has 2)
Flavors: r-devel-linux-x86_64-debian-clang, r-devel-linux-x86_64-debian-gcc, r-devel-linux-x86_64-fedora-clang, r-devel-linux-x86_64-fedora-gcc, r-devel-windows-x86_64