Last updated on 2025-10-27 07:50:03 CET.
| Flavor | Version | Tinstall | Tcheck | Ttotal | Status | Flags |
|---|---|---|---|---|---|---|
| r-devel-linux-x86_64-debian-clang | 0.3.0 | 22.15 | 209.90 | 232.05 | NOTE | |
| r-devel-linux-x86_64-debian-gcc | 0.3.0 | 14.84 | 120.75 | 135.59 | NOTE | |
| r-devel-linux-x86_64-fedora-clang | 0.3.0 | 98.00 | 299.27 | 397.27 | NOTE | |
| r-devel-linux-x86_64-fedora-gcc | 0.3.0 | 54.00 | 288.42 | 342.42 | NOTE | |
| r-devel-windows-x86_64 | 0.3.0 | 21.00 | 152.00 | 173.00 | NOTE | |
| r-patched-linux-x86_64 | 0.3.0 | 23.39 | 189.15 | 212.54 | NOTE | |
| r-release-linux-x86_64 | 0.3.0 | 23.32 | 187.35 | 210.67 | NOTE | |
| r-release-macos-arm64 | 0.3.0 | 10.00 | 73.00 | 83.00 | NOTE | |
| r-release-macos-x86_64 | 0.3.0 | 22.00 | 155.00 | 177.00 | NOTE | |
| r-release-windows-x86_64 | 0.3.0 | 22.00 | 156.00 | 178.00 | NOTE | |
| r-oldrel-macos-arm64 | 0.3.0 | 9.00 | 68.00 | 77.00 | OK | |
| r-oldrel-macos-x86_64 | 0.3.0 | 27.00 | 122.00 | 149.00 | OK | |
| r-oldrel-windows-x86_64 | 0.3.0 | 29.00 | 211.00 | 240.00 | OK |
Version: 0.3.0
Check: DESCRIPTION meta-information
Result: NOTE
Missing dependency on R >= 4.1.0 because package code uses the pipe
|> or function shorthand \(...) syntax added in R 4.1.0.
File(s) using such syntax:
‘NDVI2LAI.R’
Flavors: r-devel-linux-x86_64-debian-clang, r-devel-linux-x86_64-debian-gcc, r-devel-linux-x86_64-fedora-clang, r-devel-linux-x86_64-fedora-gcc, r-devel-windows-x86_64, r-patched-linux-x86_64, r-release-linux-x86_64, r-release-macos-arm64, r-release-macos-x86_64, r-release-windows-x86_64