Last updated on 2025-10-27 07:50:02 CET.
| Flavor | Version | Tinstall | Tcheck | Ttotal | Status | Flags |
|---|---|---|---|---|---|---|
| r-devel-linux-x86_64-debian-clang | 0.10.2 | 2.84 | 41.32 | 44.16 | OK | |
| r-devel-linux-x86_64-debian-gcc | 0.10.2 | 2.34 | 32.63 | 34.97 | OK | |
| r-devel-linux-x86_64-fedora-clang | 0.10.2 | 11.00 | 58.99 | 69.99 | NOTE | |
| r-devel-linux-x86_64-fedora-gcc | 0.10.2 | 75.04 | NOTE | |||
| r-devel-windows-x86_64 | 0.10.2 | 5.00 | 60.00 | 65.00 | OK | |
| r-patched-linux-x86_64 | 0.10.2 | 3.36 | 38.82 | 42.18 | OK | |
| r-release-linux-x86_64 | 0.10.2 | 3.01 | 38.41 | 41.42 | OK | |
| r-release-macos-arm64 | 0.10.2 | 2.00 | 33.00 | 35.00 | OK | |
| r-release-macos-x86_64 | 0.10.2 | 2.00 | 55.00 | 57.00 | OK | |
| r-release-windows-x86_64 | 0.10.2 | 7.00 | 62.00 | 69.00 | OK | |
| r-oldrel-macos-arm64 | 0.10.2 | 1.00 | 30.00 | 31.00 | NOTE | |
| r-oldrel-macos-x86_64 | 0.10.2 | 2.00 | 59.00 | 61.00 | NOTE | |
| r-oldrel-windows-x86_64 | 0.10.2 | 8.00 | 70.00 | 78.00 | NOTE |
Version: 0.10.2
Check: dependencies in R code
Result: NOTE
Namespace in Imports field not imported from: ‘ids’
All declared Imports should be used.
Flavors: r-devel-linux-x86_64-fedora-clang, r-devel-linux-x86_64-fedora-gcc
Version: 0.10.2
Check: installed package size
Result: NOTE
installed size is 6.1Mb
sub-directories of 1Mb or more:
htmlwidgets 5.7Mb
Flavors: r-oldrel-macos-arm64, r-oldrel-macos-x86_64, r-oldrel-windows-x86_64