Last updated on 2025-10-27 07:50:02 CET.
| Flavor | Version | Tinstall | Tcheck | Ttotal | Status | Flags |
|---|---|---|---|---|---|---|
| r-devel-linux-x86_64-debian-clang | 2.1.0 | 11.61 | 420.00 | 431.61 | OK | |
| r-devel-linux-x86_64-debian-gcc | 2.1.0 | 7.60 | 297.84 | 305.44 | OK | |
| r-devel-linux-x86_64-fedora-clang | 2.1.0 | 58.00 | WARN | |||
| r-devel-linux-x86_64-fedora-gcc | 2.1.0 | 59.00 | 631.46 | 690.46 | OK | |
| r-devel-windows-x86_64 | 2.1.0 | 15.00 | 474.00 | 489.00 | OK | |
| r-patched-linux-x86_64 | 2.1.0 | 12.38 | 383.07 | 395.45 | OK | |
| r-release-linux-x86_64 | 2.1.0 | 11.96 | 373.97 | 385.93 | OK | |
| r-release-macos-arm64 | 2.1.0 | 5.00 | 219.00 | 224.00 | OK | |
| r-release-macos-x86_64 | 2.1.0 | 10.00 | 394.00 | 404.00 | OK | |
| r-release-windows-x86_64 | 2.1.0 | 14.00 | 473.00 | 487.00 | OK | |
| r-oldrel-macos-arm64 | 2.1.0 | 5.00 | 188.00 | 193.00 | OK | |
| r-oldrel-macos-x86_64 | 2.1.0 | 9.00 | 313.00 | 322.00 | OK | |
| r-oldrel-windows-x86_64 | 2.1.0 | 18.00 | 582.00 | 600.00 | OK |
Version: 2.1.0
Check: R code for possible problems
Result: NOTE
shell-init: error retrieving current directory: getcwd: cannot access parent directories: No such file or directory
shell-init: error retrieving current directory: getcwd: cannot access parent directories: No such file or directory
shell-init: error retrieving current directory: getcwd: cannot access parent directories: No such file or directory
shell-init: error retrieving current directory: getcwd: cannot access parent directories: No such file or directory
shell-init: error retrieving current directory: getcwd: cannot access parent directories: No such file or directory
Flavor: r-devel-linux-x86_64-fedora-clang
Version: 2.1.0
Check: for missing documentation entries
Result: WARN
shell-init: error retrieving current directory: getcwd: cannot access parent directories: No such file or directory
shell-init: error retrieving current directory: getcwd: cannot access parent directories: No such file or directory
shell-init: error retrieving current directory: getcwd: cannot access parent directories: No such file or directory
shell-init: error retrieving current directory: getcwd: cannot access parent directories: No such file or directory
All user-level objects in a package should have documentation entries.
See chapter ‘Writing R documentation files’ in the ‘Writing R
Extensions’ manual.
Flavor: r-devel-linux-x86_64-fedora-clang