Last updated on 2025-07-17 20:50:13 CEST.
Flavor | Version | Tinstall | Tcheck | Ttotal | Status | Flags |
---|---|---|---|---|---|---|
r-devel-linux-x86_64-debian-clang | 1.0.0 | 9.30 | 282.65 | 291.95 | OK | |
r-devel-linux-x86_64-debian-gcc | 1.0.0 | 5.84 | 193.25 | 199.09 | OK | |
r-devel-linux-x86_64-fedora-clang | 1.0.0 | 436.54 | NOTE | |||
r-devel-linux-x86_64-fedora-gcc | 1.0.0 | 517.85 | NOTE | |||
r-devel-windows-x86_64 | 1.0.0 | 10.00 | 377.00 | 387.00 | OK | |
r-patched-linux-x86_64 | 1.0.0 | 7.22 | 282.49 | 289.71 | OK | |
r-release-linux-x86_64 | 1.0.0 | 8.66 | 275.38 | 284.04 | OK | |
r-release-macos-arm64 | 1.0.0 | 202.00 | OK | |||
r-release-macos-x86_64 | 1.0.0 | 507.00 | OK | |||
r-release-windows-x86_64 | 1.0.0 | 9.00 | 364.00 | 373.00 | OK | |
r-oldrel-macos-arm64 | 1.0.0 | 164.00 | OK | |||
r-oldrel-macos-x86_64 | 1.0.0 | 281.00 | OK | |||
r-oldrel-windows-x86_64 | 1.0.0 | 13.00 | 453.00 | 466.00 | OK |
Version: 1.0.0
Check: dependencies in R code
Result: NOTE
Namespaces in Imports field not imported from:
‘lme4’ ‘reshape2’
All declared Imports should be used.
Flavors: r-devel-linux-x86_64-fedora-clang, r-devel-linux-x86_64-fedora-gcc