Last updated on 2025-11-23 07:48:44 CET.
| Flavor | Version | Tinstall | Tcheck | Ttotal | Status | Flags |
|---|---|---|---|---|---|---|
| r-devel-linux-x86_64-debian-clang | 1.0.2 | 8.38 | 75.48 | 83.86 | NOTE | |
| r-devel-linux-x86_64-debian-gcc | 1.0.2 | 5.61 | 53.35 | 58.96 | NOTE | |
| r-devel-linux-x86_64-fedora-clang | 1.0.2 | 15.00 | 114.34 | 129.34 | OK | |
| r-devel-windows-x86_64 | 1.0.2 | 12.00 | 81.00 | 93.00 | OK | |
| r-patched-linux-x86_64 | 1.0.2 | 7.81 | 70.86 | 78.67 | OK | |
| r-release-linux-x86_64 | 1.0.2 | 7.65 | 69.84 | 77.49 | OK | |
| r-release-macos-arm64 | 1.0.2 | OK | ||||
| r-release-macos-x86_64 | 1.0.2 | 6.00 | 74.00 | 80.00 | OK | |
| r-release-windows-x86_64 | 1.0.2 | 10.00 | 79.00 | 89.00 | OK | |
| r-oldrel-macos-arm64 | 1.0.2 | OK | ||||
| r-oldrel-macos-x86_64 | 1.0.2 | 5.00 | 56.00 | 61.00 | OK | |
| r-oldrel-windows-x86_64 | 1.0.2 | 14.00 | 102.00 | 116.00 | OK |
Version: 1.0.2
Check: CRAN incoming feasibility
Result: NOTE
Maintainer: ‘Wencke Walter <wencke.walter@arcor.de>’
Package CITATION file contains call(s) to old-style personList() or
as.personList(). Please use c() on person objects instead.
Package CITATION file contains call(s) to old-style citEntry(). Please
use bibentry() instead.
Flavors: r-devel-linux-x86_64-debian-clang, r-devel-linux-x86_64-debian-gcc