Last updated on 2025-10-26 18:50:12 CET.
| Flavor | Version | Tinstall | Tcheck | Ttotal | Status | Flags |
|---|---|---|---|---|---|---|
| r-devel-linux-x86_64-debian-clang | 0.5.4 | 17.48 | 92.02 | 109.50 | NOTE | |
| r-devel-linux-x86_64-debian-gcc | 0.5.4 | 11.40 | 66.20 | 77.60 | NOTE | |
| r-devel-linux-x86_64-fedora-clang | 0.5.4 | 42.00 | 125.13 | 167.13 | OK | |
| r-devel-linux-x86_64-fedora-gcc | 0.5.4 | 33.00 | 144.36 | 177.36 | OK | |
| r-devel-windows-x86_64 | 0.5.4 | 22.00 | 131.00 | 153.00 | OK | |
| r-patched-linux-x86_64 | 0.5.4 | 17.56 | 89.24 | 106.80 | OK | |
| r-release-linux-x86_64 | 0.5.4 | 15.67 | 87.31 | 102.98 | OK | |
| r-release-macos-arm64 | 0.5.4 | 9.00 | 58.00 | 67.00 | OK | |
| r-release-macos-x86_64 | 0.5.4 | 14.00 | 95.00 | 109.00 | OK | |
| r-release-windows-x86_64 | 0.5.4 | 21.00 | 120.00 | 141.00 | OK | |
| r-oldrel-macos-arm64 | 0.5.4 | 8.00 | 45.00 | 53.00 | OK | |
| r-oldrel-macos-x86_64 | 0.5.4 | 11.00 | 71.00 | 82.00 | OK | |
| r-oldrel-windows-x86_64 | 0.5.4 | 26.00 | 152.00 | 178.00 | OK |
Version: 0.5.4
Check: CRAN incoming feasibility
Result: NOTE
Maintainer: ‘Ryan Sun <ryansun.work@gmail.com>’
The Description field contains
<arXiv:1710.02469> for more details.
Please refer to arXiv e-prints via their arXiv DOI <doi:10.48550/arXiv.YYMM.NNNNN>.
Flavors: r-devel-linux-x86_64-debian-clang, r-devel-linux-x86_64-debian-gcc