Last updated on 2025-07-18 08:50:59 CEST.
Flavor | Version | Tinstall | Tcheck | Ttotal | Status | Flags |
---|---|---|---|---|---|---|
r-devel-linux-x86_64-debian-clang | 1.2.1 | 2.26 | 32.67 | 34.93 | NOTE | |
r-devel-linux-x86_64-debian-gcc | 1.2.1 | 1.81 | 25.77 | 27.58 | NOTE | |
r-devel-linux-x86_64-fedora-clang | 1.2.1 | 56.15 | OK | |||
r-devel-linux-x86_64-fedora-gcc | 1.2.1 | 52.18 | OK | |||
r-devel-windows-x86_64 | 1.2.1 | 3.00 | 58.00 | 61.00 | OK | |
r-patched-linux-x86_64 | 1.2.1 | 2.44 | 31.36 | 33.80 | OK | |
r-release-linux-x86_64 | 1.2.1 | 2.34 | 31.15 | 33.49 | OK | |
r-release-macos-arm64 | 1.2.1 | 24.00 | OK | |||
r-release-macos-x86_64 | 1.2.1 | 37.00 | OK | |||
r-release-windows-x86_64 | 1.2.1 | 3.00 | 57.00 | 60.00 | OK | |
r-oldrel-macos-arm64 | 1.2.1 | 20.00 | OK | |||
r-oldrel-macos-x86_64 | 1.2.1 | 30.00 | OK | |||
r-oldrel-windows-x86_64 | 1.2.1 | 4.00 | 65.00 | 69.00 | OK |
Version: 1.2.1
Check: CRAN incoming feasibility
Result: NOTE
Maintainer: ‘Koen W. De Bock <kdebock@audencia.com>’
No Authors@R field in DESCRIPTION.
Please add one, modifying
Authors@R: c(person(given = c("Koen", "W."),
family = "De Bock",
role = c("aut", "cre"),
email = "kdebock@audencia.com"),
person(given = "Kristof",
family = "Coussement",
role = "aut"),
person(given = "Dirk",
family = "Van den Poel",
role = "aut"))
as necessary.
Flavors: r-devel-linux-x86_64-debian-clang, r-devel-linux-x86_64-debian-gcc