Last updated on 2025-10-27 07:49:58 CET.
| Flavor | Version | Tinstall | Tcheck | Ttotal | Status | Flags |
|---|---|---|---|---|---|---|
| r-devel-linux-x86_64-debian-clang | 1.1.8 | 30.58 | 69.63 | 100.21 | NOTE | |
| r-devel-linux-x86_64-debian-gcc | 1.1.8 | 19.30 | 46.01 | 65.31 | NOTE | |
| r-devel-linux-x86_64-fedora-clang | 1.1.8 | 58.00 | 85.41 | 143.41 | NOTE | |
| r-devel-linux-x86_64-fedora-gcc | 1.1.8 | 65.00 | 92.29 | 157.29 | NOTE | |
| r-devel-windows-x86_64 | 1.1.8 | 33.00 | 81.00 | 114.00 | OK | |
| r-patched-linux-x86_64 | 1.1.8 | 30.05 | 59.36 | 89.41 | OK | |
| r-release-linux-x86_64 | 1.1.8 | 28.64 | 59.91 | 88.55 | OK | |
| r-release-macos-arm64 | 1.1.8 | 19.00 | 27.00 | 46.00 | OK | |
| r-release-macos-x86_64 | 1.1.8 | 43.00 | 67.00 | 110.00 | OK | |
| r-release-windows-x86_64 | 1.1.8 | 37.00 | 78.00 | 115.00 | OK | |
| r-oldrel-macos-arm64 | 1.1.8 | 18.00 | 33.00 | 51.00 | OK | |
| r-oldrel-macos-x86_64 | 1.1.8 | 39.00 | 69.00 | 108.00 | OK | |
| r-oldrel-windows-x86_64 | 1.1.8 | 42.00 | 97.00 | 139.00 | OK |
Version: 1.1.8
Check: Rd files
Result: NOTE
checkRd: (-1) datagen.Rd:81: height/width attributes should be in pixels
checkRd: (-1) datagen.Rd:88: height/width attributes should be in pixels
checkRd: (-1) datagen.Rd:95: height/width attributes should be in pixels
Flavors: r-devel-linux-x86_64-debian-clang, r-devel-linux-x86_64-debian-gcc, r-devel-linux-x86_64-fedora-clang, r-devel-linux-x86_64-fedora-gcc