CRAN Package Check Results for Package EDOtrans

Last updated on 2025-07-18 08:50:56 CEST.

Flavor Version Tinstall Tcheck Ttotal Status Flags
r-devel-linux-x86_64-debian-clang 0.2.5 17.45 125.53 142.98 NOTE
r-devel-linux-x86_64-debian-gcc 0.2.5 12.74 88.45 101.19 NOTE
r-devel-linux-x86_64-fedora-clang 0.2.5 223.59 OK
r-devel-linux-x86_64-fedora-gcc 0.2.5 202.93 OK
r-devel-windows-x86_64 0.2.5 17.00 119.00 136.00 OK
r-patched-linux-x86_64 0.2.5 15.29 118.31 133.60 OK
r-release-linux-x86_64 0.2.5 15.21 116.71 131.92 OK
r-release-macos-arm64 0.2.5 5.00 ERROR
r-release-macos-x86_64 0.2.5 6.00 ERROR
r-release-windows-x86_64 0.2.5 16.00 117.00 133.00 OK
r-oldrel-macos-arm64 0.2.5 10.00 ERROR
r-oldrel-macos-x86_64 0.2.5 11.00 ERROR
r-oldrel-windows-x86_64 0.2.5 23.00 154.00 177.00 OK

Check Details

Version: 0.2.5
Check: CRAN incoming feasibility
Result: NOTE Maintainer: ‘Jorn Lotsch <j.lotsch@em.uni-frankfurt.de>’ No Authors@R field in DESCRIPTION. Please add one, modifying Authors@R: c(person(given = "Jorn", family = "Lotsch", role = c("aut", "cre"), email = "j.lotsch@em.uni-frankfurt.de"), person(given = "Alfred", family = "Ultsch", role = "aut")) as necessary. Flavors: r-devel-linux-x86_64-debian-clang, r-devel-linux-x86_64-debian-gcc

Version: 0.2.5
Check: package dependencies
Result: ERROR Package required but not available: ‘opGMMassessment’ See section ‘The DESCRIPTION file’ in the ‘Writing R Extensions’ manual. Flavors: r-release-macos-arm64, r-release-macos-x86_64, r-oldrel-macos-arm64, r-oldrel-macos-x86_64