Last updated on 2025-07-18 08:50:54 CEST.
Flavor | Version | Tinstall | Tcheck | Ttotal | Status | Flags |
---|---|---|---|---|---|---|
r-devel-linux-x86_64-debian-clang | 0.13 | 5.99 | 51.02 | 57.01 | NOTE | |
r-devel-linux-x86_64-debian-gcc | 0.13 | 3.33 | 36.56 | 39.89 | NOTE | |
r-devel-linux-x86_64-fedora-clang | 0.13 | 88.88 | OK | |||
r-devel-linux-x86_64-fedora-gcc | 0.13 | 80.30 | OK | |||
r-devel-windows-x86_64 | 0.13 | 7.00 | 93.00 | 100.00 | OK | |
r-patched-linux-x86_64 | 0.13 | 5.25 | 47.45 | 52.70 | OK | |
r-release-linux-x86_64 | 0.13 | 6.01 | 46.96 | 52.97 | OK | |
r-release-macos-arm64 | 0.13 | 40.00 | OK | |||
r-release-macos-x86_64 | 0.13 | 73.00 | OK | |||
r-release-windows-x86_64 | 0.13 | 7.00 | 90.00 | 97.00 | OK | |
r-oldrel-macos-arm64 | 0.13 | 37.00 | OK | |||
r-oldrel-macos-x86_64 | 0.13 | 50.00 | OK | |||
r-oldrel-windows-x86_64 | 0.13 | 8.00 | 109.00 | 117.00 | OK |
Version: 0.13
Check: CRAN incoming feasibility
Result: NOTE
Maintainer: ‘Christian Vincenot <christian@vincenot.biz>’
No Authors@R field in DESCRIPTION.
Please add one, modifying
Authors@R: person(given = "Christian",
family = "Vincenot",
role = c("aut", "cre"),
email = "christian@vincenot.biz")
as necessary.
Flavors: r-devel-linux-x86_64-debian-clang, r-devel-linux-x86_64-debian-gcc