Last updated on 2025-11-22 19:50:27 CET.
| Flavor | Version | Tinstall | Tcheck | Ttotal | Status | Flags |
|---|---|---|---|---|---|---|
| r-devel-linux-x86_64-debian-clang | 1.14.1 | 2.02 | 24.02 | 26.04 | NOTE | |
| r-devel-linux-x86_64-debian-gcc | 1.14.1 | 1.54 | 19.41 | 20.95 | NOTE | |
| r-devel-linux-x86_64-fedora-clang | 1.14.1 | 38.78 | NOTE | |||
| r-devel-windows-x86_64 | 1.14.1 | 5.00 | 57.00 | 62.00 | NOTE | |
| r-patched-linux-x86_64 | 1.14.1 | 1.97 | 22.63 | 24.60 | NOTE | |
| r-release-linux-x86_64 | 1.14.1 | 1.79 | 22.78 | 24.57 | NOTE | |
| r-release-macos-arm64 | 1.14.1 | NOTE | ||||
| r-release-macos-x86_64 | 1.14.1 | 2.00 | 24.00 | 26.00 | NOTE | |
| r-release-windows-x86_64 | 1.14.1 | 4.00 | 51.00 | 55.00 | NOTE | |
| r-oldrel-macos-arm64 | 1.14.1 | OK | ||||
| r-oldrel-macos-x86_64 | 1.14.1 | 2.00 | 23.00 | 25.00 | OK | |
| r-oldrel-windows-x86_64 | 1.14.1 | 4.00 | 49.00 | 53.00 | OK |
Version: 1.14.1
Check: DESCRIPTION meta-information
Result: NOTE
Missing dependency on R >= 4.1.0 because package code uses the pipe
|> or function shorthand \(...) syntax added in R 4.1.0.
File(s) using such syntax:
‘Caswell.R’
Flavors: r-devel-linux-x86_64-debian-clang, r-devel-linux-x86_64-debian-gcc, r-devel-linux-x86_64-fedora-clang, r-devel-windows-x86_64, r-patched-linux-x86_64, r-release-linux-x86_64, r-release-macos-arm64, r-release-macos-x86_64, r-release-windows-x86_64