Last updated on 2025-10-26 18:50:08 CET.
| Flavor | Version | Tinstall | Tcheck | Ttotal | Status | Flags |
|---|---|---|---|---|---|---|
| r-devel-linux-x86_64-debian-clang | 0.9.9 | 1.90 | 37.97 | 39.87 | NOTE | |
| r-devel-linux-x86_64-debian-gcc | 0.9.9 | 1.79 | 29.61 | 31.40 | NOTE | |
| r-devel-linux-x86_64-fedora-clang | 0.9.9 | 58.70 | OK | |||
| r-devel-linux-x86_64-fedora-gcc | 0.9.9 | 12.00 | 65.44 | 77.44 | NOTE | |
| r-devel-windows-x86_64 | 0.9.9 | 4.00 | 55.00 | 59.00 | OK | |
| r-patched-linux-x86_64 | 0.9.9 | 2.46 | 35.19 | 37.65 | OK | |
| r-release-linux-x86_64 | 0.9.9 | 2.08 | 35.38 | 37.46 | OK | |
| r-release-macos-arm64 | 0.9.9 | 1.00 | 25.00 | 26.00 | OK | |
| r-release-macos-x86_64 | 0.9.9 | 2.00 | 68.00 | 70.00 | OK | |
| r-release-windows-x86_64 | 0.9.9 | 3.00 | 58.00 | 61.00 | OK | |
| r-oldrel-macos-arm64 | 0.9.9 | 1.00 | 49.00 | 50.00 | OK | |
| r-oldrel-macos-x86_64 | 0.9.9 | 2.00 | 77.00 | 79.00 | OK | |
| r-oldrel-windows-x86_64 | 0.9.9 | 5.00 | 63.00 | 68.00 | OK |
Version: 0.9.9
Check: Rd files
Result: NOTE
checkRd: (-1) P3.Rd:21-26: Only 3 columns allowed in this table (row 2 has 1)
checkRd: (-1) P5c.Rd:20-27: Only 3 columns allowed in this table (row 2 has 1)
checkRd: (-1) P6c.Rd:19-27: Only 3 columns allowed in this table (row 2 has 1)
checkRd: (-1) P7c.Rd:20-29: Only 3 columns allowed in this table (row 2 has 1)
checkRd: (-1) TestData.Rd:22-31: Only 4 columns allowed in this table (row 2 has 1)
Flavors: r-devel-linux-x86_64-debian-clang, r-devel-linux-x86_64-debian-gcc, r-devel-linux-x86_64-fedora-gcc