CRAN Package Check Results for Package ConfIntVariance

Last updated on 2025-11-06 07:49:30 CET.

Flavor Version Tinstall Tcheck Ttotal Status Flags
r-devel-linux-x86_64-debian-clang 1.0.2 1.75 22.39 24.14 NOTE
r-devel-linux-x86_64-debian-gcc 1.0.2 1.53 18.03 19.56 NOTE
r-devel-linux-x86_64-fedora-clang 1.0.2 14.00 23.22 37.22 OK
r-devel-linux-x86_64-fedora-gcc 1.0.2 32.72 OK
r-devel-windows-x86_64 1.0.2 3.00 42.00 45.00 OK
r-patched-linux-x86_64 1.0.2 1.83 21.05 22.88 OK
r-release-linux-x86_64 1.0.2 1.75 21.24 22.99 OK
r-release-macos-arm64 1.0.2 1.00 13.00 14.00 OK
r-release-macos-x86_64 1.0.2 2.00 22.00 24.00 OK
r-release-windows-x86_64 1.0.2 3.00 41.00 44.00 OK
r-oldrel-macos-arm64 1.0.2 1.00 16.00 17.00 OK
r-oldrel-macos-x86_64 1.0.2 1.00 20.00 21.00 OK
r-oldrel-windows-x86_64 1.0.2 3.00 42.00 45.00 OK

Check Details

Version: 1.0.2
Check: CRAN incoming feasibility
Result: NOTE Maintainer: ‘Mathias Fuchs<mathias@mathiasfuchs.de>’ No Authors@R field in DESCRIPTION. Please add one, modifying Authors@R: person(given = "Mathias", family = "Fuchs", role = c("aut", "cre"), email = "mathias@mathiasfuchs.de") as necessary. Found the following \keyword or \concept entries which likely give several index terms: File ‘confIntVariance-package.Rd’: \keyword{variance, confidence interval} Flavors: r-devel-linux-x86_64-debian-clang, r-devel-linux-x86_64-debian-gcc