Last updated on 2025-10-27 07:49:56 CET.
| Flavor | Version | Tinstall | Tcheck | Ttotal | Status | Flags | 
|---|---|---|---|---|---|---|
| r-devel-linux-x86_64-debian-clang | 1.1-0 | 1.68 | 24.53 | 26.21 | NOTE | |
| r-devel-linux-x86_64-debian-gcc | 1.1-0 | 1.45 | 19.93 | 21.38 | NOTE | |
| r-devel-linux-x86_64-fedora-clang | 1.1-0 | 40.77 | OK | |||
| r-devel-linux-x86_64-fedora-gcc | 1.1-0 | 52.11 | OK | |||
| r-devel-windows-x86_64 | 1.1-0 | 4.00 | 50.00 | 54.00 | OK | |
| r-patched-linux-x86_64 | 1.1-0 | 1.61 | 23.42 | 25.03 | OK | |
| r-release-linux-x86_64 | 1.1-0 | 1.51 | 23.33 | 24.84 | OK | |
| r-release-macos-arm64 | 1.1-0 | 1.00 | 24.00 | 25.00 | OK | |
| r-release-macos-x86_64 | 1.1-0 | 2.00 | 44.00 | 46.00 | OK | |
| r-release-windows-x86_64 | 1.1-0 | 5.00 | 54.00 | 59.00 | OK | |
| r-oldrel-macos-arm64 | 1.1-0 | 1.00 | 27.00 | 28.00 | NOTE | |
| r-oldrel-macos-x86_64 | 1.1-0 | 2.00 | 57.00 | 59.00 | NOTE | |
| r-oldrel-windows-x86_64 | 1.1-0 | 4.00 | 55.00 | 59.00 | NOTE | 
Version: 1.1-0
Check: CRAN incoming feasibility
Result: NOTE
  Maintainer: ‘Kornelius Rohmeyer <rohmeyer@small-projects.de>’
  
  No Authors@R field in DESCRIPTION.
  Please add one, modifying
    Authors@R: c(person(given = "Kornelius",
                        family = "Rohmeyer",
                        role = c("aut", "cre"),
                        email = "rohmeyer@small-projects.de",
                        comment = c(ROR = "R package")),
                 person(given = c("see", "COPYRIGHTS", "file", "for", "the", "authors", "of", "the", "java"),
                        family = "libraries",
                        role = "aut"))
  as necessary.
Flavors: r-devel-linux-x86_64-debian-clang, r-devel-linux-x86_64-debian-gcc
Version: 1.1-0
Check: installed package size
Result: NOTE
    installed size is  7.0Mb
    sub-directories of 1Mb or more:
      java   6.7Mb
Flavors: r-oldrel-macos-arm64, r-oldrel-macos-x86_64, r-oldrel-windows-x86_64